{"id":3376,"date":"2025-03-19T14:53:00","date_gmt":"2025-03-19T13:53:00","guid":{"rendered":"https:\/\/www.pro-evologia.ch\/?page_id=3376"},"modified":"2026-01-27T10:49:46","modified_gmt":"2026-01-27T09:49:46","slug":"projets-2026","status":"publish","type":"page","link":"https:\/\/www.pro-evologia.ch\/?page_id=3376","title":{"rendered":"Projets 2026"},"content":{"rendered":"\n<p class=\"has-medium-font-size\">Cette page est destin\u00e9e \u00e0 rassembler des \u00e9l\u00e9ments concernant la manifestation principale de l&rsquo;ann\u00e9e 2026.<\/p>\n\n\n\n<p class=\"has-medium-font-size\"><strong>Concours photos 2026<\/strong> &#8211; D\u00e9tails et conditions par <strong><a href=\"https:\/\/www.pro-evologia.ch\/?page_id=3472\" target=\"_blank\" rel=\"noreferrer noopener\">ICI<\/a><\/strong>.<\/p>\n\n\n\n<hr class=\"wp-block-separator has-alpha-channel-opacity\"\/>\n\n\n\n<p class=\"has-medium-font-size\">Lien vers les <strong><a href=\"https:\/\/www.ne.ch\/autorites\/DDTE\/SFFN\/nature\/neophytes\/Pages\/accueil.aspx\" target=\"_blank\" rel=\"noreferrer noopener\">PLANTES EXOTIQUES ENVAHISSANTES<\/a><\/strong> du canton de NE<\/p>\n\n\n\n<p class=\"has-medium-font-size\"><strong>Manuel de gestion des n\u00e9ophytes envahissantes<\/strong><\/p>\n\n\n\n<p class=\"has-medium-font-size\">Toutes les informations utiles pour identifier les n\u00e9ophytes envahissantes ainsi que les conseils pour la lutte. <a href=\"http:\/\/www.pro-evologia.ch\/wp-content\/uploads\/2025\/03\/Manuel-_gestion_Neophyte_VF.pdf\" target=\"_blank\" rel=\"noreferrer noopener\">Document du Service faune for\u00eats nature <\/a>(SFFN).<\/p>\n\n\n\n<figure class=\"wp-block-image size-full\"><a href=\"http:\/\/www.pro-evologia.ch\/wp-content\/uploads\/2025\/03\/Manuel-_gestion_Neophyte_VF.pdf\" target=\"_blank\" rel=\" noreferrer noopener\"><img loading=\"lazy\" decoding=\"async\" width=\"793\" height=\"560\" src=\"https:\/\/www.pro-evologia.ch\/wp-content\/uploads\/2025\/03\/Manuel-_gestion_Neophyte_VF_page_01.png\" alt=\"\" class=\"wp-image-3385\" srcset=\"https:\/\/www.pro-evologia.ch\/wp-content\/uploads\/2025\/03\/Manuel-_gestion_Neophyte_VF_page_01.png 793w, https:\/\/www.pro-evologia.ch\/wp-content\/uploads\/2025\/03\/Manuel-_gestion_Neophyte_VF_page_01-300x212.png 300w, https:\/\/www.pro-evologia.ch\/wp-content\/uploads\/2025\/03\/Manuel-_gestion_Neophyte_VF_page_01-768x542.png 768w\" sizes=\"auto, (max-width: 793px) 100vw, 793px\" \/><\/a><\/figure>\n\n\n\n<p class=\"has-medium-font-size\"><strong>Posters<\/strong><\/p>\n\n\n\n<div class=\"wp-block-columns is-layout-flex wp-container-core-columns-is-layout-9d6595d7 wp-block-columns-is-layout-flex\">\n<div class=\"wp-block-column is-layout-flow wp-block-column-is-layout-flow\">\n<figure class=\"wp-block-image size-large\"><a href=\"http:\/\/www.pro-evologia.ch\/wp-content\/uploads\/2025\/03\/PosterNeophyte_Fleurs-jaunes.png\" target=\"_blank\" rel=\" noreferrer noopener\"><img loading=\"lazy\" decoding=\"async\" width=\"724\" height=\"1024\" src=\"http:\/\/www.pro-evologia.ch\/wp-content\/uploads\/2025\/03\/PosterNeophyte_Fleurs-jaunes-724x1024.png\" alt=\"\" class=\"wp-image-3377\" srcset=\"https:\/\/www.pro-evologia.ch\/wp-content\/uploads\/2025\/03\/PosterNeophyte_Fleurs-jaunes-724x1024.png 724w, https:\/\/www.pro-evologia.ch\/wp-content\/uploads\/2025\/03\/PosterNeophyte_Fleurs-jaunes-212x300.png 212w, https:\/\/www.pro-evologia.ch\/wp-content\/uploads\/2025\/03\/PosterNeophyte_Fleurs-jaunes-768x1087.png 768w, https:\/\/www.pro-evologia.ch\/wp-content\/uploads\/2025\/03\/PosterNeophyte_Fleurs-jaunes-1086x1536.png 1086w, https:\/\/www.pro-evologia.ch\/wp-content\/uploads\/2025\/03\/PosterNeophyte_Fleurs-jaunes.png 1121w\" sizes=\"auto, (max-width: 724px) 100vw, 724px\" \/><\/a><\/figure>\n<\/div>\n\n\n\n<div class=\"wp-block-column is-layout-flow wp-block-column-is-layout-flow\">\n<figure class=\"wp-block-image size-large\"><a href=\"https:\/\/www.pro-evologia.ch\/wp-content\/uploads\/2025\/03\/PosterNeophyte_General.png\" target=\"_blank\" rel=\" noreferrer noopener\"><img loading=\"lazy\" decoding=\"async\" width=\"724\" height=\"1024\" src=\"https:\/\/www.pro-evologia.ch\/wp-content\/uploads\/2025\/03\/PosterNeophyte_General-724x1024.png\" alt=\"\" class=\"wp-image-3378\" srcset=\"https:\/\/www.pro-evologia.ch\/wp-content\/uploads\/2025\/03\/PosterNeophyte_General-724x1024.png 724w, https:\/\/www.pro-evologia.ch\/wp-content\/uploads\/2025\/03\/PosterNeophyte_General-212x300.png 212w, https:\/\/www.pro-evologia.ch\/wp-content\/uploads\/2025\/03\/PosterNeophyte_General-768x1087.png 768w, https:\/\/www.pro-evologia.ch\/wp-content\/uploads\/2025\/03\/PosterNeophyte_General-1086x1536.png 1086w, https:\/\/www.pro-evologia.ch\/wp-content\/uploads\/2025\/03\/PosterNeophyte_General.png 1121w\" sizes=\"auto, (max-width: 724px) 100vw, 724px\" \/><\/a><\/figure>\n<\/div>\n<\/div>\n\n\n\n<p class=\"has-medium-font-size\"><strong>Flyer Les plantes exotiques envahissantes<\/strong><\/p>\n\n\n\n<p class=\"has-medium-font-size\">Flyer de vulgarisation \u00e0 l&rsquo;attention du public.<\/p>\n\n\n\n<p class=\"has-medium-font-size\"><strong>Recto<\/strong><\/p>\n\n\n\n<figure class=\"wp-block-image size-large\"><a href=\"https:\/\/www.pro-evologia.ch\/wp-content\/uploads\/2025\/03\/Flyer_Neophytes_page_1.png\" target=\"_blank\" rel=\" noreferrer noopener\"><img loading=\"lazy\" decoding=\"async\" width=\"1024\" height=\"543\" src=\"https:\/\/www.pro-evologia.ch\/wp-content\/uploads\/2025\/03\/Flyer_Neophytes_page_1-1024x543.png\" alt=\"\" class=\"wp-image-3379\" srcset=\"https:\/\/www.pro-evologia.ch\/wp-content\/uploads\/2025\/03\/Flyer_Neophytes_page_1-1024x543.png 1024w, https:\/\/www.pro-evologia.ch\/wp-content\/uploads\/2025\/03\/Flyer_Neophytes_page_1-300x159.png 300w, https:\/\/www.pro-evologia.ch\/wp-content\/uploads\/2025\/03\/Flyer_Neophytes_page_1-768x407.png 768w, https:\/\/www.pro-evologia.ch\/wp-content\/uploads\/2025\/03\/Flyer_Neophytes_page_1.png 1496w\" sizes=\"auto, (max-width: 1024px) 100vw, 1024px\" \/><\/a><\/figure>\n\n\n\n<p class=\"has-medium-font-size\"><strong>Verso<\/strong><\/p>\n\n\n\n<figure class=\"wp-block-image size-large\"><a href=\"https:\/\/www.pro-evologia.ch\/wp-content\/uploads\/2025\/03\/Flyer_Neophytes_page_2.png\" target=\"_blank\" rel=\" noreferrer noopener\"><img loading=\"lazy\" decoding=\"async\" width=\"1024\" height=\"543\" src=\"https:\/\/www.pro-evologia.ch\/wp-content\/uploads\/2025\/03\/Flyer_Neophytes_page_2-1024x543.png\" alt=\"\" class=\"wp-image-3380\" srcset=\"https:\/\/www.pro-evologia.ch\/wp-content\/uploads\/2025\/03\/Flyer_Neophytes_page_2-1024x543.png 1024w, https:\/\/www.pro-evologia.ch\/wp-content\/uploads\/2025\/03\/Flyer_Neophytes_page_2-300x159.png 300w, https:\/\/www.pro-evologia.ch\/wp-content\/uploads\/2025\/03\/Flyer_Neophytes_page_2-768x407.png 768w, https:\/\/www.pro-evologia.ch\/wp-content\/uploads\/2025\/03\/Flyer_Neophytes_page_2.png 1496w\" sizes=\"auto, (max-width: 1024px) 100vw, 1024px\" \/><\/a><\/figure>\n\n\n\n<p><\/p>\n\n\n\n<p class=\"has-medium-font-size\"><strong>Esp\u00e8ces exotiques en Suisse<\/strong><\/p>\n\n\n\n<p class=\"has-medium-font-size\"><a href=\"http:\/\/www.pro-evologia.ch\/wp-content\/uploads\/2025\/03\/UW-2220-F_IGA.pdf\" target=\"_blank\" rel=\"noreferrer noopener\">Document \u00e9dit\u00e9 par l&rsquo;Office f\u00e9d\u00e9ral de l&rsquo;environnemen<\/a>t &#8211; Aper\u00e7u des esp\u00e8ces exotiques et de leurs cons\u00e9quences. \u00c9tat 2022<\/p>\n","protected":false},"excerpt":{"rendered":"<p>Cette page est destin\u00e9e \u00e0 rassembler des \u00e9l\u00e9ments concernant la manifestation principale de l&rsquo;ann\u00e9e 2026. Concours photos 2026 &#8211; D\u00e9tails et conditions par ICI. Lien vers les PLANTES EXOTIQUES ENVAHISSANTES du canton de NE Manuel de gestion des n\u00e9ophytes envahissantes Toutes les informations utiles pour identifier les n\u00e9ophytes envahissantes ainsi que les conseils pour la &#8230; <a title=\"Projets 2026\" class=\"read-more\" href=\"https:\/\/www.pro-evologia.ch\/?page_id=3376\" aria-label=\"En savoir plus sur Projets 2026\">Read more<\/a><\/p>\n","protected":false},"author":1,"featured_media":0,"parent":2000,"menu_order":7,"comment_status":"closed","ping_status":"closed","template":"","meta":{"ngg_post_thumbnail":0,"generate_page_header":"","footnotes":""},"class_list":["post-3376","page","type-page","status-publish"],"yoast_head":"<!-- This site is optimized with the Yoast SEO plugin v27.4 - https:\/\/yoast.com\/product\/yoast-seo-wordpress\/ -->\n<title>Projets 2026 &#8226; Association des amis d&#039;Evologia<\/title>\n<meta name=\"robots\" content=\"index, follow, max-snippet:-1, max-image-preview:large, max-video-preview:-1\" \/>\n<link rel=\"canonical\" href=\"https:\/\/www.pro-evologia.ch\/?page_id=3376\" \/>\n<meta property=\"og:locale\" content=\"fr_FR\" \/>\n<meta property=\"og:type\" content=\"article\" \/>\n<meta property=\"og:title\" content=\"Projets 2026 &#8226; Association des amis d&#039;Evologia\" \/>\n<meta property=\"og:description\" content=\"Cette page est destin\u00e9e \u00e0 rassembler des \u00e9l\u00e9ments concernant la manifestation principale de l&rsquo;ann\u00e9e 2026. Concours photos 2026 &#8211; D\u00e9tails et conditions par ICI. Lien vers les PLANTES EXOTIQUES ENVAHISSANTES du canton de NE Manuel de gestion des n\u00e9ophytes envahissantes Toutes les informations utiles pour identifier les n\u00e9ophytes envahissantes ainsi que les conseils pour la ... Read more\" \/>\n<meta property=\"og:url\" content=\"https:\/\/www.pro-evologia.ch\/?page_id=3376\" \/>\n<meta property=\"og:site_name\" content=\"Association des amis d&#039;Evologia\" \/>\n<meta property=\"article:publisher\" content=\"https:\/\/www.facebook.com\/proevologia\" \/>\n<meta property=\"article:modified_time\" content=\"2026-01-27T09:49:46+00:00\" \/>\n<meta property=\"og:image\" content=\"https:\/\/www.pro-evologia.ch\/wp-content\/uploads\/2025\/03\/Manuel-_gestion_Neophyte_VF_page_01.png\" \/>\n<meta name=\"twitter:label1\" content=\"Dur\u00e9e de lecture estim\u00e9e\" \/>\n\t<meta name=\"twitter:data1\" content=\"2 minutes\" \/>\n<script type=\"application\/ld+json\" class=\"yoast-schema-graph\">{\"@context\":\"https:\\\/\\\/schema.org\",\"@graph\":[{\"@type\":\"WebPage\",\"@id\":\"https:\\\/\\\/www.pro-evologia.ch\\\/?page_id=3376\",\"url\":\"https:\\\/\\\/www.pro-evologia.ch\\\/?page_id=3376\",\"name\":\"Projets 2026 &#8226; Association des amis d&#039;Evologia\",\"isPartOf\":{\"@id\":\"http:\\\/\\\/www.pro-evologia.ch\\\/#website\"},\"primaryImageOfPage\":{\"@id\":\"https:\\\/\\\/www.pro-evologia.ch\\\/?page_id=3376#primaryimage\"},\"image\":{\"@id\":\"https:\\\/\\\/www.pro-evologia.ch\\\/?page_id=3376#primaryimage\"},\"thumbnailUrl\":\"https:\\\/\\\/www.pro-evologia.ch\\\/wp-content\\\/uploads\\\/2025\\\/03\\\/Manuel-_gestion_Neophyte_VF_page_01.png\",\"datePublished\":\"2025-03-19T13:53:00+00:00\",\"dateModified\":\"2026-01-27T09:49:46+00:00\",\"breadcrumb\":{\"@id\":\"https:\\\/\\\/www.pro-evologia.ch\\\/?page_id=3376#breadcrumb\"},\"inLanguage\":\"fr-FR\",\"potentialAction\":[{\"@type\":\"ReadAction\",\"target\":[\"https:\\\/\\\/www.pro-evologia.ch\\\/?page_id=3376\"]}]},{\"@type\":\"ImageObject\",\"inLanguage\":\"fr-FR\",\"@id\":\"https:\\\/\\\/www.pro-evologia.ch\\\/?page_id=3376#primaryimage\",\"url\":\"https:\\\/\\\/www.pro-evologia.ch\\\/wp-content\\\/uploads\\\/2025\\\/03\\\/Manuel-_gestion_Neophyte_VF_page_01.png\",\"contentUrl\":\"https:\\\/\\\/www.pro-evologia.ch\\\/wp-content\\\/uploads\\\/2025\\\/03\\\/Manuel-_gestion_Neophyte_VF_page_01.png\"},{\"@type\":\"BreadcrumbList\",\"@id\":\"https:\\\/\\\/www.pro-evologia.ch\\\/?page_id=3376#breadcrumb\",\"itemListElement\":[{\"@type\":\"ListItem\",\"position\":1,\"name\":\"Accueil\",\"item\":\"http:\\\/\\\/www.pro-evologia.ch\\\/\"},{\"@type\":\"ListItem\",\"position\":2,\"name\":\"Nos projets\",\"item\":\"https:\\\/\\\/www.pro-evologia.ch\\\/?page_id=2000\"},{\"@type\":\"ListItem\",\"position\":3,\"name\":\"Projets 2026\"}]},{\"@type\":\"WebSite\",\"@id\":\"http:\\\/\\\/www.pro-evologia.ch\\\/#website\",\"url\":\"http:\\\/\\\/www.pro-evologia.ch\\\/\",\"name\":\"Association des amis d&#039;Evologia\",\"description\":\"Pro Evologia est  une association \u00e0 but non lucratif qui soutient Evologia\",\"potentialAction\":[{\"@type\":\"SearchAction\",\"target\":{\"@type\":\"EntryPoint\",\"urlTemplate\":\"http:\\\/\\\/www.pro-evologia.ch\\\/?s={search_term_string}\"},\"query-input\":{\"@type\":\"PropertyValueSpecification\",\"valueRequired\":true,\"valueName\":\"search_term_string\"}}],\"inLanguage\":\"fr-FR\"}]}<\/script>\n<!-- \/ Yoast SEO plugin. -->","yoast_head_json":{"title":"Projets 2026 &#8226; Association des amis d&#039;Evologia","robots":{"index":"index","follow":"follow","max-snippet":"max-snippet:-1","max-image-preview":"max-image-preview:large","max-video-preview":"max-video-preview:-1"},"canonical":"https:\/\/www.pro-evologia.ch\/?page_id=3376","og_locale":"fr_FR","og_type":"article","og_title":"Projets 2026 &#8226; Association des amis d&#039;Evologia","og_description":"Cette page est destin\u00e9e \u00e0 rassembler des \u00e9l\u00e9ments concernant la manifestation principale de l&rsquo;ann\u00e9e 2026. Concours photos 2026 &#8211; D\u00e9tails et conditions par ICI. Lien vers les PLANTES EXOTIQUES ENVAHISSANTES du canton de NE Manuel de gestion des n\u00e9ophytes envahissantes Toutes les informations utiles pour identifier les n\u00e9ophytes envahissantes ainsi que les conseils pour la ... Read more","og_url":"https:\/\/www.pro-evologia.ch\/?page_id=3376","og_site_name":"Association des amis d&#039;Evologia","article_publisher":"https:\/\/www.facebook.com\/proevologia","article_modified_time":"2026-01-27T09:49:46+00:00","og_image":[{"url":"https:\/\/www.pro-evologia.ch\/wp-content\/uploads\/2025\/03\/Manuel-_gestion_Neophyte_VF_page_01.png","type":"","width":"","height":""}],"twitter_misc":{"Dur\u00e9e de lecture estim\u00e9e":"2 minutes"},"schema":{"@context":"https:\/\/schema.org","@graph":[{"@type":"WebPage","@id":"https:\/\/www.pro-evologia.ch\/?page_id=3376","url":"https:\/\/www.pro-evologia.ch\/?page_id=3376","name":"Projets 2026 &#8226; Association des amis d&#039;Evologia","isPartOf":{"@id":"http:\/\/www.pro-evologia.ch\/#website"},"primaryImageOfPage":{"@id":"https:\/\/www.pro-evologia.ch\/?page_id=3376#primaryimage"},"image":{"@id":"https:\/\/www.pro-evologia.ch\/?page_id=3376#primaryimage"},"thumbnailUrl":"https:\/\/www.pro-evologia.ch\/wp-content\/uploads\/2025\/03\/Manuel-_gestion_Neophyte_VF_page_01.png","datePublished":"2025-03-19T13:53:00+00:00","dateModified":"2026-01-27T09:49:46+00:00","breadcrumb":{"@id":"https:\/\/www.pro-evologia.ch\/?page_id=3376#breadcrumb"},"inLanguage":"fr-FR","potentialAction":[{"@type":"ReadAction","target":["https:\/\/www.pro-evologia.ch\/?page_id=3376"]}]},{"@type":"ImageObject","inLanguage":"fr-FR","@id":"https:\/\/www.pro-evologia.ch\/?page_id=3376#primaryimage","url":"https:\/\/www.pro-evologia.ch\/wp-content\/uploads\/2025\/03\/Manuel-_gestion_Neophyte_VF_page_01.png","contentUrl":"https:\/\/www.pro-evologia.ch\/wp-content\/uploads\/2025\/03\/Manuel-_gestion_Neophyte_VF_page_01.png"},{"@type":"BreadcrumbList","@id":"https:\/\/www.pro-evologia.ch\/?page_id=3376#breadcrumb","itemListElement":[{"@type":"ListItem","position":1,"name":"Accueil","item":"http:\/\/www.pro-evologia.ch\/"},{"@type":"ListItem","position":2,"name":"Nos projets","item":"https:\/\/www.pro-evologia.ch\/?page_id=2000"},{"@type":"ListItem","position":3,"name":"Projets 2026"}]},{"@type":"WebSite","@id":"http:\/\/www.pro-evologia.ch\/#website","url":"http:\/\/www.pro-evologia.ch\/","name":"Association des amis d&#039;Evologia","description":"Pro Evologia est  une association \u00e0 but non lucratif qui soutient Evologia","potentialAction":[{"@type":"SearchAction","target":{"@type":"EntryPoint","urlTemplate":"http:\/\/www.pro-evologia.ch\/?s={search_term_string}"},"query-input":{"@type":"PropertyValueSpecification","valueRequired":true,"valueName":"search_term_string"}}],"inLanguage":"fr-FR"}]}},"_links":{"self":[{"href":"https:\/\/www.pro-evologia.ch\/index.php?rest_route=\/wp\/v2\/pages\/3376","targetHints":{"allow":["GET"]}}],"collection":[{"href":"https:\/\/www.pro-evologia.ch\/index.php?rest_route=\/wp\/v2\/pages"}],"about":[{"href":"https:\/\/www.pro-evologia.ch\/index.php?rest_route=\/wp\/v2\/types\/page"}],"author":[{"embeddable":true,"href":"https:\/\/www.pro-evologia.ch\/index.php?rest_route=\/wp\/v2\/users\/1"}],"replies":[{"embeddable":true,"href":"https:\/\/www.pro-evologia.ch\/index.php?rest_route=%2Fwp%2Fv2%2Fcomments&post=3376"}],"version-history":[{"count":7,"href":"https:\/\/www.pro-evologia.ch\/index.php?rest_route=\/wp\/v2\/pages\/3376\/revisions"}],"predecessor-version":[{"id":3480,"href":"https:\/\/www.pro-evologia.ch\/index.php?rest_route=\/wp\/v2\/pages\/3376\/revisions\/3480"}],"up":[{"embeddable":true,"href":"https:\/\/www.pro-evologia.ch\/index.php?rest_route=\/wp\/v2\/pages\/2000"}],"wp:attachment":[{"href":"https:\/\/www.pro-evologia.ch\/index.php?rest_route=%2Fwp%2Fv2%2Fmedia&parent=3376"}],"curies":[{"name":"wp","href":"https:\/\/api.w.org\/{rel}","templated":true}]}}