{"id":314,"date":"2015-02-05T16:14:16","date_gmt":"2015-02-05T15:14:16","guid":{"rendered":"http:\/\/www.pro-evologia.ch\/?page_id=314"},"modified":"2015-08-13T09:25:49","modified_gmt":"2015-08-13T07:25:49","slug":"diaporama-de-differents-paysages-au-val-de-ruz-par-saisons","status":"publish","type":"page","link":"https:\/\/www.pro-evologia.ch\/?page_id=314","title":{"rendered":"Diaporamas de paysages au Val-de-Ruz par saisons"},"content":{"rendered":"<p>Diaporamas didactiques de diff\u00e9rents <strong>paysages au Val-de-Ruz. <\/strong>Notre volont\u00e9 est de faire d\u00e9couvrir les richesses naturelles de notre vall\u00e9e.<strong><br \/>\n<\/strong><\/p>\n<h3><a title=\"Printemps\" href=\"https:\/\/www.pro-evologia.ch\/?p=418\" target=\"_blank\">Printemps<\/a>\u00a0 &#8211;\u00a0 <a title=\"Et\u00e9\" href=\"https:\/\/www.pro-evologia.ch\/?p=386\" target=\"_blank\">\u00c9t\u00e9<\/a>\u00a0 &#8211;\u00a0 <a title=\"Automne\" href=\"https:\/\/www.pro-evologia.ch\/?p=263\" target=\"_blank\">Automne<\/a>\u00a0 &#8211;\u00a0 <a title=\"Hiver\" href=\"https:\/\/www.pro-evologia.ch\/?p=351\" target=\"_blank\">Hiver<\/a><\/h3>\n<p>Nous abordons les th\u00e9matiques suivantes :<\/p>\n<ul>\n<li>p\u00e2turages, p\u00e2turages bois\u00e9s, murs de pierres s\u00e8ches, prairies, culture de &#8230;, damier de cultures,<\/li>\n<li>bosquets, arbres isol\u00e9s, haies, all\u00e9es, vergers,<\/li>\n<li>ruisseau, rives bois\u00e9es,<\/li>\n<li>pierriers, lapi\u00e9s, chemin caillouteux,<\/li>\n<li>lisi\u00e8re diffuse, lisi\u00e8re \u00e9tag\u00e9e, \u00e9tang, for\u00eat riveraine (aulnaie).<\/li>\n<\/ul>\n\n<table id=\"tablepress-7\" class=\"tablepress tablepress-id-7\">\n<tbody>\n<tr class=\"row-1\">\n\t<td class=\"column-1\"><a href=\"http:\/\/www.pro-evologia.ch\/wp-content\/uploads\/2015\/05\/Logo-ne.png\"><img loading=\"lazy\" decoding=\"async\" src=\"http:\/\/www.pro-evologia.ch\/wp-content\/uploads\/2015\/05\/Logo-ne.png\" alt=\"Logo-ne\" width=\"100\" height=\"32\" class=\"alignnone size-full wp-image-653\" \/><\/a><br \/>\n<small><span style=\"font-weight: bold;\"><strong>Service de l\u2019Agriculture<br \/>\nService de la faune, des for\u00eats et de la nature<\/span><\/small><br><br \/>\n<a href=\"http:\/\/www.pro-evologia.ch\/wp-content\/uploads\/2015\/06\/Logo-LORO.jpg\"><img loading=\"lazy\" decoding=\"async\" src=\"http:\/\/www.pro-evologia.ch\/wp-content\/uploads\/2015\/06\/Logo-LORO-300x105.jpg\" alt=\"LoRo-Beneficiaire\" width=\"200\" height=\"70\" class=\"alignnone size-medium wp-image-916\" srcset=\"https:\/\/www.pro-evologia.ch\/wp-content\/uploads\/2015\/06\/Logo-LORO-300x105.jpg 300w, https:\/\/www.pro-evologia.ch\/wp-content\/uploads\/2015\/06\/Logo-LORO.jpg 780w\" sizes=\"auto, (max-width: 200px) 100vw, 200px\" \/><\/a><\/td><td class=\"column-2\"><a href=\"http:\/\/www.pro-evologia.ch\/wp-content\/uploads\/2015\/05\/Logo-CNAV.jpg\"><img loading=\"lazy\" decoding=\"async\" src=\"http:\/\/www.pro-evologia.ch\/wp-content\/uploads\/2015\/05\/Logo-CNAV.jpg\" alt=\"Logo-CNAV\" width=\"100\" height=\"45\" class=\"alignnone size-full wp-image-657\" \/><\/a><strong><br><small><span style=\"font-weight: bold;\">Chambre neuch\u00e2teloise d'agriculture et de viticulture<\/span><\/small><\/strong><br><br \/>\n<a href=\"http:\/\/www.pro-evologia.ch\/wp-content\/uploads\/2015\/06\/Val-impressions.jpg\"><img loading=\"lazy\" decoding=\"async\" src=\"http:\/\/www.pro-evologia.ch\/wp-content\/uploads\/2015\/06\/Val-impressions-300x61.jpg\" alt=\"Val-impressions\" width=\"200\" height=\"41\" class=\"alignnone size-medium wp-image-950\" srcset=\"https:\/\/www.pro-evologia.ch\/wp-content\/uploads\/2015\/06\/Val-impressions-300x61.jpg 300w, https:\/\/www.pro-evologia.ch\/wp-content\/uploads\/2015\/06\/Val-impressions-1024x208.jpg 1024w, https:\/\/www.pro-evologia.ch\/wp-content\/uploads\/2015\/06\/Val-impressions.jpg 1393w\" sizes=\"auto, (max-width: 200px) 100vw, 200px\" \/><\/a><\/td><td class=\"column-3\"><a href=\"http:\/\/www.pro-evologia.ch\/wp-content\/uploads\/2015\/05\/Logo-ecoforum.jpg\"><img loading=\"lazy\" decoding=\"async\" src=\"http:\/\/www.pro-evologia.ch\/wp-content\/uploads\/2015\/05\/Logo-ecoforum-300x132.jpg\" alt=\"Logo-ecoforum\" width=\"100\" height=\"44\" class=\"alignnone size-medium wp-image-655\" srcset=\"https:\/\/www.pro-evologia.ch\/wp-content\/uploads\/2015\/05\/Logo-ecoforum-300x132.jpg 300w, https:\/\/www.pro-evologia.ch\/wp-content\/uploads\/2015\/05\/Logo-ecoforum.jpg 926w\" sizes=\"auto, (max-width: 100px) 100vw, 100px\" \/><\/a><br><br><a href=\"http:\/\/www.pro-evologia.ch\/wp-content\/uploads\/2015\/05\/Logo-wwf.jpg\"><img loading=\"lazy\" decoding=\"async\" src=\"http:\/\/www.pro-evologia.ch\/wp-content\/uploads\/2015\/05\/Logo-wwf.jpg\" alt=\"Logo-wwf\" width=\"50\" height=\"75\" class=\"alignnone size-full wp-image-658\" \/><\/a><\/td><td class=\"column-4\"><a href=\"http:\/\/www.pro-evologia.ch\/wp-content\/uploads\/2015\/05\/Logo-Azure.jpg\"><img loading=\"lazy\" decoding=\"async\" src=\"http:\/\/www.pro-evologia.ch\/wp-content\/uploads\/2015\/05\/Logo-Azure-300x76.jpg\" alt=\"Logo-Azure\" width=\"130\" height=\"32\" class=\"alignnone size-medium wp-image-656\" srcset=\"https:\/\/www.pro-evologia.ch\/wp-content\/uploads\/2015\/05\/Logo-Azure-300x76.jpg 300w, https:\/\/www.pro-evologia.ch\/wp-content\/uploads\/2015\/05\/Logo-Azure-1024x260.jpg 1024w, https:\/\/www.pro-evologia.ch\/wp-content\/uploads\/2015\/05\/Logo-Azure.jpg 1235w\" sizes=\"auto, (max-width: 130px) 100vw, 130px\" \/><\/a><br \/>\n<br><a href=\"http:\/\/www.pro-evologia.ch\/wp-content\/uploads\/2015\/05\/Logo-vdr.png\"><img loading=\"lazy\" decoding=\"async\" src=\"http:\/\/www.pro-evologia.ch\/wp-content\/uploads\/2015\/05\/Logo-vdr-261x300.png\" alt=\"Logo-vdr\" width=\"60\" height=\"67\" class=\"alignnone size-medium wp-image-659\" \/><\/a><br><small><span style=\"font-weight: bold;\"><strong>Commune de<p> Val-de-Ruz<\/span ><\/small><\/td><td class=\"column-5\"><a href=\"http:\/\/www.pro-evologia.ch\/wp-content\/uploads\/2015\/05\/Logo-pronatura.gif\"><img loading=\"lazy\" decoding=\"async\" src=\"http:\/\/www.pro-evologia.ch\/wp-content\/uploads\/2015\/05\/Logo-pronatura.gif\" alt=\"Logo-pronatura\" width=\"100\" height=\"50\" class=\"alignnone size-full wp-image-654\" \/><\/a><br><br><a href=\"http:\/\/www.pro-evologia.ch\/wp-content\/uploads\/2015\/05\/Logo-EVR.jpg\"><img loading=\"lazy\" decoding=\"async\" src=\"http:\/\/www.pro-evologia.ch\/wp-content\/uploads\/2015\/05\/Logo-EVR-300x188.jpg\" alt=\"Logo-EVR\" width=\"100\" height=\"62\" class=\"alignnone size-medium wp-image-660\" srcset=\"https:\/\/www.pro-evologia.ch\/wp-content\/uploads\/2015\/05\/Logo-EVR-300x188.jpg 300w, https:\/\/www.pro-evologia.ch\/wp-content\/uploads\/2015\/05\/Logo-EVR-1024x642.jpg 1024w, https:\/\/www.pro-evologia.ch\/wp-content\/uploads\/2015\/05\/Logo-EVR.jpg 1465w\" sizes=\"auto, (max-width: 100px) 100vw, 100px\" \/><\/a><br \/>\n<br \/>\n<\/td><td class=\"column-6\"><a href=\"http:\/\/www.pro-evologia.ch\/wp-content\/uploads\/2015\/05\/Logo-parc-chasseral.png\"><img loading=\"lazy\" decoding=\"async\" src=\"http:\/\/www.pro-evologia.ch\/wp-content\/uploads\/2015\/05\/Logo-parc-chasseral.png\" alt=\"Logo-parc-chasseral\" width=\"100\" height=\"56\" class=\"alignnone size-full wp-image-652\" \/><\/a><br \/>\n<small><span style=\"font-weight: bold;\"><strong>Parc Chasseral<\/strong><\/span><\/small><\/td>\n<\/tr>\n<\/tbody>\n<\/table>\n<!-- #tablepress-7 from cache -->\n","protected":false},"excerpt":{"rendered":"<p>Diaporamas didactiques de diff\u00e9rents paysages au Val-de-Ruz. Notre volont\u00e9 est de faire d\u00e9couvrir les richesses naturelles de notre vall\u00e9e. Printemps\u00a0 &#8211;\u00a0 \u00c9t\u00e9\u00a0 &#8211;\u00a0 Automne\u00a0 &#8211;\u00a0 Hiver Nous abordons les th\u00e9matiques suivantes : p\u00e2turages, p\u00e2turages bois\u00e9s, murs de pierres s\u00e8ches, prairies, culture de &#8230;, damier de cultures, bosquets, arbres isol\u00e9s, haies, all\u00e9es, vergers, ruisseau, rives bois\u00e9es, &#8230; <a title=\"Diaporamas de paysages au Val-de-Ruz par saisons\" class=\"read-more\" href=\"https:\/\/www.pro-evologia.ch\/?page_id=314\" aria-label=\"En savoir plus sur Diaporamas de paysages au Val-de-Ruz par saisons\">Read more<\/a><\/p>\n","protected":false},"author":1,"featured_media":0,"parent":60,"menu_order":1,"comment_status":"closed","ping_status":"closed","template":"","meta":{"ngg_post_thumbnail":0,"generate_page_header":"","footnotes":""},"class_list":["post-314","page","type-page","status-publish"],"yoast_head":"<!-- This site is optimized with the Yoast SEO plugin v27.4 - https:\/\/yoast.com\/product\/yoast-seo-wordpress\/ -->\n<title>Diaporamas de paysages au Val-de-Ruz par saisons &#8226; Association des amis d&#039;Evologia<\/title>\n<meta name=\"robots\" content=\"index, follow, max-snippet:-1, max-image-preview:large, max-video-preview:-1\" \/>\n<link rel=\"canonical\" href=\"https:\/\/www.pro-evologia.ch\/?page_id=314\" \/>\n<meta property=\"og:locale\" content=\"fr_FR\" \/>\n<meta property=\"og:type\" content=\"article\" \/>\n<meta property=\"og:title\" content=\"Diaporamas de paysages au Val-de-Ruz par saisons &#8226; Association des amis d&#039;Evologia\" \/>\n<meta property=\"og:description\" content=\"Diaporamas didactiques de diff\u00e9rents paysages au Val-de-Ruz. Notre volont\u00e9 est de faire d\u00e9couvrir les richesses naturelles de notre vall\u00e9e. Printemps\u00a0 &#8211;\u00a0 \u00c9t\u00e9\u00a0 &#8211;\u00a0 Automne\u00a0 &#8211;\u00a0 Hiver Nous abordons les th\u00e9matiques suivantes : p\u00e2turages, p\u00e2turages bois\u00e9s, murs de pierres s\u00e8ches, prairies, culture de &#8230;, damier de cultures, bosquets, arbres isol\u00e9s, haies, all\u00e9es, vergers, ruisseau, rives bois\u00e9es, ... Read more\" \/>\n<meta property=\"og:url\" content=\"https:\/\/www.pro-evologia.ch\/?page_id=314\" \/>\n<meta property=\"og:site_name\" content=\"Association des amis d&#039;Evologia\" \/>\n<meta property=\"article:publisher\" content=\"https:\/\/www.facebook.com\/proevologia\" \/>\n<meta property=\"article:modified_time\" content=\"2015-08-13T07:25:49+00:00\" \/>\n<meta property=\"og:image\" content=\"https:\/\/www.pro-evologia.ch\/wp-content\/uploads\/2015\/01\/Entete.jpg\" \/>\n\t<meta property=\"og:image:width\" content=\"640\" \/>\n\t<meta property=\"og:image:height\" content=\"167\" \/>\n\t<meta property=\"og:image:type\" content=\"image\/jpeg\" \/>\n<script type=\"application\/ld+json\" class=\"yoast-schema-graph\">{\"@context\":\"https:\\\/\\\/schema.org\",\"@graph\":[{\"@type\":\"WebPage\",\"@id\":\"https:\\\/\\\/www.pro-evologia.ch\\\/?page_id=314\",\"url\":\"https:\\\/\\\/www.pro-evologia.ch\\\/?page_id=314\",\"name\":\"Diaporamas de paysages au Val-de-Ruz par saisons &#8226; Association des amis d&#039;Evologia\",\"isPartOf\":{\"@id\":\"https:\\\/\\\/www.pro-evologia.ch\\\/#website\"},\"datePublished\":\"2015-02-05T15:14:16+00:00\",\"dateModified\":\"2015-08-13T07:25:49+00:00\",\"breadcrumb\":{\"@id\":\"https:\\\/\\\/www.pro-evologia.ch\\\/?page_id=314#breadcrumb\"},\"inLanguage\":\"fr-FR\",\"potentialAction\":[{\"@type\":\"ReadAction\",\"target\":[\"https:\\\/\\\/www.pro-evologia.ch\\\/?page_id=314\"]}]},{\"@type\":\"BreadcrumbList\",\"@id\":\"https:\\\/\\\/www.pro-evologia.ch\\\/?page_id=314#breadcrumb\",\"itemListElement\":[{\"@type\":\"ListItem\",\"position\":1,\"name\":\"Accueil\",\"item\":\"https:\\\/\\\/www.pro-evologia.ch\\\/\"},{\"@type\":\"ListItem\",\"position\":2,\"name\":\"L&rsquo;Association\",\"item\":\"https:\\\/\\\/www.pro-evologia.ch\\\/?page_id=33\"},{\"@type\":\"ListItem\",\"position\":3,\"name\":\"Archives 2015\",\"item\":\"https:\\\/\\\/www.pro-evologia.ch\\\/?page_id=1147\"},{\"@type\":\"ListItem\",\"position\":4,\"name\":\"Exposition 2015 \u00ab\u00a0Eco-r\u00e9seaux &#038; Paysages au Val-de-Ruz\u00a0\u00bb\",\"item\":\"https:\\\/\\\/www.pro-evologia.ch\\\/?page_id=60\"},{\"@type\":\"ListItem\",\"position\":5,\"name\":\"Diaporamas de paysages au Val-de-Ruz par saisons\"}]},{\"@type\":\"WebSite\",\"@id\":\"https:\\\/\\\/www.pro-evologia.ch\\\/#website\",\"url\":\"https:\\\/\\\/www.pro-evologia.ch\\\/\",\"name\":\"Association des amis d&#039;Evologia\",\"description\":\"Pro Evologia est  une association \u00e0 but non lucratif qui soutient Evologia\",\"potentialAction\":[{\"@type\":\"SearchAction\",\"target\":{\"@type\":\"EntryPoint\",\"urlTemplate\":\"https:\\\/\\\/www.pro-evologia.ch\\\/?s={search_term_string}\"},\"query-input\":{\"@type\":\"PropertyValueSpecification\",\"valueRequired\":true,\"valueName\":\"search_term_string\"}}],\"inLanguage\":\"fr-FR\"}]}<\/script>\n<!-- \/ Yoast SEO plugin. -->","yoast_head_json":{"title":"Diaporamas de paysages au Val-de-Ruz par saisons &#8226; Association des amis d&#039;Evologia","robots":{"index":"index","follow":"follow","max-snippet":"max-snippet:-1","max-image-preview":"max-image-preview:large","max-video-preview":"max-video-preview:-1"},"canonical":"https:\/\/www.pro-evologia.ch\/?page_id=314","og_locale":"fr_FR","og_type":"article","og_title":"Diaporamas de paysages au Val-de-Ruz par saisons &#8226; Association des amis d&#039;Evologia","og_description":"Diaporamas didactiques de diff\u00e9rents paysages au Val-de-Ruz. Notre volont\u00e9 est de faire d\u00e9couvrir les richesses naturelles de notre vall\u00e9e. Printemps\u00a0 &#8211;\u00a0 \u00c9t\u00e9\u00a0 &#8211;\u00a0 Automne\u00a0 &#8211;\u00a0 Hiver Nous abordons les th\u00e9matiques suivantes : p\u00e2turages, p\u00e2turages bois\u00e9s, murs de pierres s\u00e8ches, prairies, culture de &#8230;, damier de cultures, bosquets, arbres isol\u00e9s, haies, all\u00e9es, vergers, ruisseau, rives bois\u00e9es, ... Read more","og_url":"https:\/\/www.pro-evologia.ch\/?page_id=314","og_site_name":"Association des amis d&#039;Evologia","article_publisher":"https:\/\/www.facebook.com\/proevologia","article_modified_time":"2015-08-13T07:25:49+00:00","og_image":[{"width":640,"height":167,"url":"https:\/\/www.pro-evologia.ch\/wp-content\/uploads\/2015\/01\/Entete.jpg","type":"image\/jpeg"}],"schema":{"@context":"https:\/\/schema.org","@graph":[{"@type":"WebPage","@id":"https:\/\/www.pro-evologia.ch\/?page_id=314","url":"https:\/\/www.pro-evologia.ch\/?page_id=314","name":"Diaporamas de paysages au Val-de-Ruz par saisons &#8226; Association des amis d&#039;Evologia","isPartOf":{"@id":"https:\/\/www.pro-evologia.ch\/#website"},"datePublished":"2015-02-05T15:14:16+00:00","dateModified":"2015-08-13T07:25:49+00:00","breadcrumb":{"@id":"https:\/\/www.pro-evologia.ch\/?page_id=314#breadcrumb"},"inLanguage":"fr-FR","potentialAction":[{"@type":"ReadAction","target":["https:\/\/www.pro-evologia.ch\/?page_id=314"]}]},{"@type":"BreadcrumbList","@id":"https:\/\/www.pro-evologia.ch\/?page_id=314#breadcrumb","itemListElement":[{"@type":"ListItem","position":1,"name":"Accueil","item":"https:\/\/www.pro-evologia.ch\/"},{"@type":"ListItem","position":2,"name":"L&rsquo;Association","item":"https:\/\/www.pro-evologia.ch\/?page_id=33"},{"@type":"ListItem","position":3,"name":"Archives 2015","item":"https:\/\/www.pro-evologia.ch\/?page_id=1147"},{"@type":"ListItem","position":4,"name":"Exposition 2015 \u00ab\u00a0Eco-r\u00e9seaux &#038; Paysages au Val-de-Ruz\u00a0\u00bb","item":"https:\/\/www.pro-evologia.ch\/?page_id=60"},{"@type":"ListItem","position":5,"name":"Diaporamas de paysages au Val-de-Ruz par saisons"}]},{"@type":"WebSite","@id":"https:\/\/www.pro-evologia.ch\/#website","url":"https:\/\/www.pro-evologia.ch\/","name":"Association des amis d&#039;Evologia","description":"Pro Evologia est  une association \u00e0 but non lucratif qui soutient Evologia","potentialAction":[{"@type":"SearchAction","target":{"@type":"EntryPoint","urlTemplate":"https:\/\/www.pro-evologia.ch\/?s={search_term_string}"},"query-input":{"@type":"PropertyValueSpecification","valueRequired":true,"valueName":"search_term_string"}}],"inLanguage":"fr-FR"}]}},"_links":{"self":[{"href":"https:\/\/www.pro-evologia.ch\/index.php?rest_route=\/wp\/v2\/pages\/314","targetHints":{"allow":["GET"]}}],"collection":[{"href":"https:\/\/www.pro-evologia.ch\/index.php?rest_route=\/wp\/v2\/pages"}],"about":[{"href":"https:\/\/www.pro-evologia.ch\/index.php?rest_route=\/wp\/v2\/types\/page"}],"author":[{"embeddable":true,"href":"https:\/\/www.pro-evologia.ch\/index.php?rest_route=\/wp\/v2\/users\/1"}],"replies":[{"embeddable":true,"href":"https:\/\/www.pro-evologia.ch\/index.php?rest_route=%2Fwp%2Fv2%2Fcomments&post=314"}],"version-history":[{"count":0,"href":"https:\/\/www.pro-evologia.ch\/index.php?rest_route=\/wp\/v2\/pages\/314\/revisions"}],"up":[{"embeddable":true,"href":"https:\/\/www.pro-evologia.ch\/index.php?rest_route=\/wp\/v2\/pages\/60"}],"wp:attachment":[{"href":"https:\/\/www.pro-evologia.ch\/index.php?rest_route=%2Fwp%2Fv2%2Fmedia&parent=314"}],"curies":[{"name":"wp","href":"https:\/\/api.w.org\/{rel}","templated":true}]}}