{"id":1680,"date":"2018-05-05T10:50:37","date_gmt":"2018-05-05T08:50:37","guid":{"rendered":"http:\/\/www.pro-evologia.ch\/?page_id=1680"},"modified":"2022-08-29T09:50:12","modified_gmt":"2022-08-29T07:50:12","slug":"inscription-a-la-fete-du-pruneau","status":"publish","type":"page","link":"https:\/\/www.pro-evologia.ch\/?page_id=1680","title":{"rendered":"Inscription \u00e0 la F\u00eate du pruneau"},"content":{"rendered":"<p><b>Pour soutenir notre projet, venez <\/b><b>participer <\/b><b>lundi du <\/b><b>Je\u00fbne <\/b><b>19 septembre 2022<br \/>\n<\/b><b>\u00e0 <\/b><b>notre <\/b><b>f\u00eate <\/b><b>\u00e0 EVOLOGIA<\/b><b>,<\/b> <b>pour d\u00e9guster g\u00e2teaux et tartines aux pruneaux de <\/b><b>Ch\u00e9zard <\/b><b>!<\/b><\/p>\n<table>\n<tbody>\n<tr>\n<td style=\"vertical-align: top;\"><p class=\"wpcf7-contact-form-not-found\"><strong>Erreur\u00a0:<\/strong> Formulaire de contact non trouv\u00e9\u00a0!<\/p>&nbsp;<\/td>\n<td><a href=\"https:\/\/www.pro-evologia.ch\/wp-content\/uploads\/2021\/08\/Flyer-Evologia-Lundi-20-septembre-2021.png\"><img loading=\"lazy\" decoding=\"async\" class=\"aligncenter size-large wp-image-2428\" src=\"https:\/\/www.pro-evologia.ch\/wp-content\/uploads\/2022\/08\/Flyer-Evologia-Lundi-19-septembre-2022.jpg\" alt=\"\" width=\"724\" height=\"1024\"><\/a><\/td>\n<\/tr>\n<\/tbody>\n<\/table>\n<p>&nbsp;<\/p>\n","protected":false},"excerpt":{"rendered":"<p>Pour soutenir notre projet, venez participer lundi du Je\u00fbne 19 septembre 2022 \u00e0 notre f\u00eate \u00e0 EVOLOGIA, pour d\u00e9guster g\u00e2teaux et tartines aux pruneaux de Ch\u00e9zard ! &nbsp; &nbsp;<\/p>\n","protected":false},"author":1,"featured_media":0,"parent":33,"menu_order":5,"comment_status":"closed","ping_status":"closed","template":"","meta":{"ngg_post_thumbnail":0,"generate_page_header":"","footnotes":""},"class_list":["post-1680","page","type-page","status-publish"],"yoast_head":"<!-- This site is optimized with the Yoast SEO plugin v27.6 - https:\/\/yoast.com\/product\/yoast-seo-wordpress\/ -->\n<title>Inscription \u00e0 la F\u00eate du pruneau &#8226; Association des amis d&#039;Evologia<\/title>\n<meta name=\"robots\" content=\"index, follow, max-snippet:-1, max-image-preview:large, max-video-preview:-1\" \/>\n<link rel=\"canonical\" href=\"https:\/\/www.pro-evologia.ch\/?page_id=1680\" \/>\n<meta property=\"og:locale\" content=\"fr_FR\" \/>\n<meta property=\"og:type\" content=\"article\" \/>\n<meta property=\"og:title\" content=\"Inscription \u00e0 la F\u00eate du pruneau &#8226; Association des amis d&#039;Evologia\" \/>\n<meta property=\"og:description\" content=\"Pour soutenir notre projet, venez participer lundi du Je\u00fbne 19 septembre 2022 \u00e0 notre f\u00eate \u00e0 EVOLOGIA, pour d\u00e9guster g\u00e2teaux et tartines aux pruneaux de Ch\u00e9zard ! &nbsp; &nbsp;\" \/>\n<meta property=\"og:url\" content=\"https:\/\/www.pro-evologia.ch\/?page_id=1680\" \/>\n<meta property=\"og:site_name\" content=\"Association des amis d&#039;Evologia\" \/>\n<meta property=\"article:publisher\" content=\"https:\/\/www.facebook.com\/proevologia\" \/>\n<meta property=\"article:modified_time\" content=\"2022-08-29T07:50:12+00:00\" \/>\n<meta property=\"og:image\" content=\"https:\/\/www.pro-evologia.ch\/wp-content\/uploads\/2022\/08\/Flyer-Evologia-Lundi-19-septembre-2022.jpg\" \/>\n<meta name=\"twitter:label1\" content=\"Dur\u00e9e de lecture estim\u00e9e\" \/>\n\t<meta name=\"twitter:data1\" content=\"1 minute\" \/>\n<script type=\"application\/ld+json\" class=\"yoast-schema-graph\">{\"@context\":\"https:\\\/\\\/schema.org\",\"@graph\":[{\"@type\":\"WebPage\",\"@id\":\"https:\\\/\\\/www.pro-evologia.ch\\\/?page_id=1680\",\"url\":\"https:\\\/\\\/www.pro-evologia.ch\\\/?page_id=1680\",\"name\":\"Inscription \u00e0 la F\u00eate du pruneau &#8226; Association des amis d&#039;Evologia\",\"isPartOf\":{\"@id\":\"https:\\\/\\\/www.pro-evologia.ch\\\/#website\"},\"primaryImageOfPage\":{\"@id\":\"https:\\\/\\\/www.pro-evologia.ch\\\/?page_id=1680#primaryimage\"},\"image\":{\"@id\":\"https:\\\/\\\/www.pro-evologia.ch\\\/?page_id=1680#primaryimage\"},\"thumbnailUrl\":\"https:\\\/\\\/www.pro-evologia.ch\\\/wp-content\\\/uploads\\\/2022\\\/08\\\/Flyer-Evologia-Lundi-19-septembre-2022.jpg\",\"datePublished\":\"2018-05-05T08:50:37+00:00\",\"dateModified\":\"2022-08-29T07:50:12+00:00\",\"breadcrumb\":{\"@id\":\"https:\\\/\\\/www.pro-evologia.ch\\\/?page_id=1680#breadcrumb\"},\"inLanguage\":\"fr-FR\",\"potentialAction\":[{\"@type\":\"ReadAction\",\"target\":[\"https:\\\/\\\/www.pro-evologia.ch\\\/?page_id=1680\"]}]},{\"@type\":\"ImageObject\",\"inLanguage\":\"fr-FR\",\"@id\":\"https:\\\/\\\/www.pro-evologia.ch\\\/?page_id=1680#primaryimage\",\"url\":\"https:\\\/\\\/www.pro-evologia.ch\\\/wp-content\\\/uploads\\\/2022\\\/08\\\/Flyer-Evologia-Lundi-19-septembre-2022.jpg\",\"contentUrl\":\"https:\\\/\\\/www.pro-evologia.ch\\\/wp-content\\\/uploads\\\/2022\\\/08\\\/Flyer-Evologia-Lundi-19-septembre-2022.jpg\",\"width\":1280,\"height\":1809},{\"@type\":\"BreadcrumbList\",\"@id\":\"https:\\\/\\\/www.pro-evologia.ch\\\/?page_id=1680#breadcrumb\",\"itemListElement\":[{\"@type\":\"ListItem\",\"position\":1,\"name\":\"Accueil\",\"item\":\"https:\\\/\\\/www.pro-evologia.ch\\\/\"},{\"@type\":\"ListItem\",\"position\":2,\"name\":\"L&rsquo;Association\",\"item\":\"https:\\\/\\\/www.pro-evologia.ch\\\/?page_id=33\"},{\"@type\":\"ListItem\",\"position\":3,\"name\":\"Inscription \u00e0 la F\u00eate du pruneau\"}]},{\"@type\":\"WebSite\",\"@id\":\"https:\\\/\\\/www.pro-evologia.ch\\\/#website\",\"url\":\"https:\\\/\\\/www.pro-evologia.ch\\\/\",\"name\":\"Association des amis d'Evologia\",\"description\":\"Pro Evologia est  une association \u00e0 but non lucratif qui soutient Evologia\",\"publisher\":{\"@id\":\"https:\\\/\\\/www.pro-evologia.ch\\\/#organization\"},\"potentialAction\":[{\"@type\":\"SearchAction\",\"target\":{\"@type\":\"EntryPoint\",\"urlTemplate\":\"https:\\\/\\\/www.pro-evologia.ch\\\/?s={search_term_string}\"},\"query-input\":{\"@type\":\"PropertyValueSpecification\",\"valueRequired\":true,\"valueName\":\"search_term_string\"}}],\"inLanguage\":\"fr-FR\"},{\"@type\":\"Organization\",\"@id\":\"https:\\\/\\\/www.pro-evologia.ch\\\/#organization\",\"name\":\"Pro Evologia\",\"url\":\"https:\\\/\\\/www.pro-evologia.ch\\\/\",\"logo\":{\"@type\":\"ImageObject\",\"inLanguage\":\"fr-FR\",\"@id\":\"https:\\\/\\\/www.pro-evologia.ch\\\/#\\\/schema\\\/logo\\\/image\\\/\",\"url\":\"https:\\\/\\\/www.pro-evologia.ch\\\/wp-content\\\/uploads\\\/2016\\\/01\\\/ProEvologiaCpos.jpg\",\"contentUrl\":\"https:\\\/\\\/www.pro-evologia.ch\\\/wp-content\\\/uploads\\\/2016\\\/01\\\/ProEvologiaCpos.jpg\",\"width\":2173,\"height\":909,\"caption\":\"Pro Evologia\"},\"image\":{\"@id\":\"https:\\\/\\\/www.pro-evologia.ch\\\/#\\\/schema\\\/logo\\\/image\\\/\"},\"sameAs\":[\"https:\\\/\\\/www.facebook.com\\\/proevologia\"]}]}<\/script>\n<!-- \/ Yoast SEO plugin. -->","yoast_head_json":{"title":"Inscription \u00e0 la F\u00eate du pruneau &#8226; Association des amis d&#039;Evologia","robots":{"index":"index","follow":"follow","max-snippet":"max-snippet:-1","max-image-preview":"max-image-preview:large","max-video-preview":"max-video-preview:-1"},"canonical":"https:\/\/www.pro-evologia.ch\/?page_id=1680","og_locale":"fr_FR","og_type":"article","og_title":"Inscription \u00e0 la F\u00eate du pruneau &#8226; Association des amis d&#039;Evologia","og_description":"Pour soutenir notre projet, venez participer lundi du Je\u00fbne 19 septembre 2022 \u00e0 notre f\u00eate \u00e0 EVOLOGIA, pour d\u00e9guster g\u00e2teaux et tartines aux pruneaux de Ch\u00e9zard ! &nbsp; &nbsp;","og_url":"https:\/\/www.pro-evologia.ch\/?page_id=1680","og_site_name":"Association des amis d&#039;Evologia","article_publisher":"https:\/\/www.facebook.com\/proevologia","article_modified_time":"2022-08-29T07:50:12+00:00","og_image":[{"url":"https:\/\/www.pro-evologia.ch\/wp-content\/uploads\/2022\/08\/Flyer-Evologia-Lundi-19-septembre-2022.jpg","type":"","width":"","height":""}],"twitter_misc":{"Dur\u00e9e de lecture estim\u00e9e":"1 minute"},"schema":{"@context":"https:\/\/schema.org","@graph":[{"@type":"WebPage","@id":"https:\/\/www.pro-evologia.ch\/?page_id=1680","url":"https:\/\/www.pro-evologia.ch\/?page_id=1680","name":"Inscription \u00e0 la F\u00eate du pruneau &#8226; Association des amis d&#039;Evologia","isPartOf":{"@id":"https:\/\/www.pro-evologia.ch\/#website"},"primaryImageOfPage":{"@id":"https:\/\/www.pro-evologia.ch\/?page_id=1680#primaryimage"},"image":{"@id":"https:\/\/www.pro-evologia.ch\/?page_id=1680#primaryimage"},"thumbnailUrl":"https:\/\/www.pro-evologia.ch\/wp-content\/uploads\/2022\/08\/Flyer-Evologia-Lundi-19-septembre-2022.jpg","datePublished":"2018-05-05T08:50:37+00:00","dateModified":"2022-08-29T07:50:12+00:00","breadcrumb":{"@id":"https:\/\/www.pro-evologia.ch\/?page_id=1680#breadcrumb"},"inLanguage":"fr-FR","potentialAction":[{"@type":"ReadAction","target":["https:\/\/www.pro-evologia.ch\/?page_id=1680"]}]},{"@type":"ImageObject","inLanguage":"fr-FR","@id":"https:\/\/www.pro-evologia.ch\/?page_id=1680#primaryimage","url":"https:\/\/www.pro-evologia.ch\/wp-content\/uploads\/2022\/08\/Flyer-Evologia-Lundi-19-septembre-2022.jpg","contentUrl":"https:\/\/www.pro-evologia.ch\/wp-content\/uploads\/2022\/08\/Flyer-Evologia-Lundi-19-septembre-2022.jpg","width":1280,"height":1809},{"@type":"BreadcrumbList","@id":"https:\/\/www.pro-evologia.ch\/?page_id=1680#breadcrumb","itemListElement":[{"@type":"ListItem","position":1,"name":"Accueil","item":"https:\/\/www.pro-evologia.ch\/"},{"@type":"ListItem","position":2,"name":"L&rsquo;Association","item":"https:\/\/www.pro-evologia.ch\/?page_id=33"},{"@type":"ListItem","position":3,"name":"Inscription \u00e0 la F\u00eate du pruneau"}]},{"@type":"WebSite","@id":"https:\/\/www.pro-evologia.ch\/#website","url":"https:\/\/www.pro-evologia.ch\/","name":"Association des amis d'Evologia","description":"Pro Evologia est  une association \u00e0 but non lucratif qui soutient Evologia","publisher":{"@id":"https:\/\/www.pro-evologia.ch\/#organization"},"potentialAction":[{"@type":"SearchAction","target":{"@type":"EntryPoint","urlTemplate":"https:\/\/www.pro-evologia.ch\/?s={search_term_string}"},"query-input":{"@type":"PropertyValueSpecification","valueRequired":true,"valueName":"search_term_string"}}],"inLanguage":"fr-FR"},{"@type":"Organization","@id":"https:\/\/www.pro-evologia.ch\/#organization","name":"Pro Evologia","url":"https:\/\/www.pro-evologia.ch\/","logo":{"@type":"ImageObject","inLanguage":"fr-FR","@id":"https:\/\/www.pro-evologia.ch\/#\/schema\/logo\/image\/","url":"https:\/\/www.pro-evologia.ch\/wp-content\/uploads\/2016\/01\/ProEvologiaCpos.jpg","contentUrl":"https:\/\/www.pro-evologia.ch\/wp-content\/uploads\/2016\/01\/ProEvologiaCpos.jpg","width":2173,"height":909,"caption":"Pro Evologia"},"image":{"@id":"https:\/\/www.pro-evologia.ch\/#\/schema\/logo\/image\/"},"sameAs":["https:\/\/www.facebook.com\/proevologia"]}]}},"_links":{"self":[{"href":"https:\/\/www.pro-evologia.ch\/index.php?rest_route=\/wp\/v2\/pages\/1680","targetHints":{"allow":["GET"]}}],"collection":[{"href":"https:\/\/www.pro-evologia.ch\/index.php?rest_route=\/wp\/v2\/pages"}],"about":[{"href":"https:\/\/www.pro-evologia.ch\/index.php?rest_route=\/wp\/v2\/types\/page"}],"author":[{"embeddable":true,"href":"https:\/\/www.pro-evologia.ch\/index.php?rest_route=\/wp\/v2\/users\/1"}],"replies":[{"embeddable":true,"href":"https:\/\/www.pro-evologia.ch\/index.php?rest_route=%2Fwp%2Fv2%2Fcomments&post=1680"}],"version-history":[{"count":0,"href":"https:\/\/www.pro-evologia.ch\/index.php?rest_route=\/wp\/v2\/pages\/1680\/revisions"}],"up":[{"embeddable":true,"href":"https:\/\/www.pro-evologia.ch\/index.php?rest_route=\/wp\/v2\/pages\/33"}],"wp:attachment":[{"href":"https:\/\/www.pro-evologia.ch\/index.php?rest_route=%2Fwp%2Fv2%2Fmedia&parent=1680"}],"curies":[{"name":"wp","href":"https:\/\/api.w.org\/{rel}","templated":true}]}}