{"id":1243,"date":"2016-04-10T09:43:26","date_gmt":"2016-04-10T07:43:26","guid":{"rendered":"http:\/\/www.pro-evologia.ch\/?page_id=1243"},"modified":"2026-04-16T09:27:58","modified_gmt":"2026-04-16T07:27:58","slug":"prochain-evenement-a-evologia-3","status":"publish","type":"page","link":"https:\/\/www.pro-evologia.ch\/?page_id=1243","title":{"rendered":"Prochain \u00e9v\u00e9nement"},"content":{"rendered":"\n<figure class=\"wp-block-image size-large\"><a href=\"https:\/\/www.pro-evologia.ch\/wp-content\/uploads\/2026\/04\/OuvertureSaiso2026.png\"><img loading=\"lazy\" decoding=\"async\" width=\"724\" height=\"1024\" src=\"https:\/\/www.pro-evologia.ch\/wp-content\/uploads\/2026\/04\/OuvertureSaiso2026-724x1024.png\" alt=\"\" class=\"wp-image-3487\" srcset=\"https:\/\/www.pro-evologia.ch\/wp-content\/uploads\/2026\/04\/OuvertureSaiso2026-724x1024.png 724w, https:\/\/www.pro-evologia.ch\/wp-content\/uploads\/2026\/04\/OuvertureSaiso2026-212x300.png 212w, https:\/\/www.pro-evologia.ch\/wp-content\/uploads\/2026\/04\/OuvertureSaiso2026-768x1087.png 768w, https:\/\/www.pro-evologia.ch\/wp-content\/uploads\/2026\/04\/OuvertureSaiso2026-1086x1536.png 1086w, https:\/\/www.pro-evologia.ch\/wp-content\/uploads\/2026\/04\/OuvertureSaiso2026.png 1121w\" sizes=\"auto, (max-width: 724px) 100vw, 724px\" \/><\/a><\/figure>\n\n\n\n<hr class=\"wp-block-separator has-alpha-channel-opacity\"\/>\n\n\n\n<p class=\"has-medium-font-size\">D&rsquo;autres \u00e9v\u00e9nements \u00e0 voir sur le site <strong><a href=\"https:\/\/www.parc-evologia.ch\/manifestations.php\" target=\"_blank\" rel=\"noreferrer noopener\">Le Parc Evologia<\/a><\/strong><\/p>\n\n\n\n<figure class=\"wp-block-image size-large\"><a href=\"https:\/\/www.parc-evologia.ch\/manifestations.php\" target=\"_blank\" rel=\"noreferrer noopener\"><img decoding=\"async\" src=\"https:\/\/www.pro-evologia.ch\/wp-content\/uploads\/2019\/03\/logo-parc-evologia.jpg\" alt=\"\"\/><\/a><\/figure>\n","protected":false},"excerpt":{"rendered":"<p>D&rsquo;autres \u00e9v\u00e9nements \u00e0 voir sur le site Le Parc Evologia<\/p>\n","protected":false},"author":1,"featured_media":0,"parent":0,"menu_order":2,"comment_status":"closed","ping_status":"closed","template":"","meta":{"ngg_post_thumbnail":0,"generate_page_header":"","footnotes":""},"class_list":["post-1243","page","type-page","status-publish"],"yoast_head":"<!-- This site is optimized with the Yoast SEO plugin v27.4 - https:\/\/yoast.com\/product\/yoast-seo-wordpress\/ -->\n<title>Prochain \u00e9v\u00e9nement &#8226; Association des amis d&#039;Evologia<\/title>\n<meta name=\"robots\" content=\"index, follow, max-snippet:-1, max-image-preview:large, max-video-preview:-1\" \/>\n<link rel=\"canonical\" href=\"http:\/\/www.pro-evologia.ch\/?page_id=1243\" \/>\n<meta property=\"og:locale\" content=\"fr_FR\" \/>\n<meta property=\"og:type\" content=\"article\" \/>\n<meta property=\"og:title\" content=\"Prochain \u00e9v\u00e9nement &#8226; Association des amis d&#039;Evologia\" \/>\n<meta property=\"og:description\" content=\"D&rsquo;autres \u00e9v\u00e9nements \u00e0 voir sur le site Le Parc Evologia\" \/>\n<meta property=\"og:url\" content=\"http:\/\/www.pro-evologia.ch\/?page_id=1243\" \/>\n<meta property=\"og:site_name\" content=\"Association des amis d&#039;Evologia\" \/>\n<meta property=\"article:publisher\" content=\"https:\/\/www.facebook.com\/proevologia\" \/>\n<meta property=\"article:modified_time\" content=\"2026-04-16T07:27:58+00:00\" \/>\n<meta property=\"og:image\" content=\"https:\/\/www.pro-evologia.ch\/wp-content\/uploads\/2026\/04\/OuvertureSaiso2026-724x1024.png\" \/>\n<meta name=\"twitter:label1\" content=\"Dur\u00e9e de lecture estim\u00e9e\" \/>\n\t<meta name=\"twitter:data1\" content=\"1 minute\" \/>\n<script type=\"application\/ld+json\" class=\"yoast-schema-graph\">{\"@context\":\"https:\\\/\\\/schema.org\",\"@graph\":[{\"@type\":\"WebPage\",\"@id\":\"http:\\\/\\\/www.pro-evologia.ch\\\/?page_id=1243\",\"url\":\"http:\\\/\\\/www.pro-evologia.ch\\\/?page_id=1243\",\"name\":\"Prochain \u00e9v\u00e9nement &#8226; Association des amis d&#039;Evologia\",\"isPartOf\":{\"@id\":\"https:\\\/\\\/www.pro-evologia.ch\\\/#website\"},\"primaryImageOfPage\":{\"@id\":\"http:\\\/\\\/www.pro-evologia.ch\\\/?page_id=1243#primaryimage\"},\"image\":{\"@id\":\"http:\\\/\\\/www.pro-evologia.ch\\\/?page_id=1243#primaryimage\"},\"thumbnailUrl\":\"https:\\\/\\\/www.pro-evologia.ch\\\/wp-content\\\/uploads\\\/2026\\\/04\\\/OuvertureSaiso2026-724x1024.png\",\"datePublished\":\"2016-04-10T07:43:26+00:00\",\"dateModified\":\"2026-04-16T07:27:58+00:00\",\"breadcrumb\":{\"@id\":\"http:\\\/\\\/www.pro-evologia.ch\\\/?page_id=1243#breadcrumb\"},\"inLanguage\":\"fr-FR\",\"potentialAction\":[{\"@type\":\"ReadAction\",\"target\":[\"http:\\\/\\\/www.pro-evologia.ch\\\/?page_id=1243\"]}]},{\"@type\":\"ImageObject\",\"inLanguage\":\"fr-FR\",\"@id\":\"http:\\\/\\\/www.pro-evologia.ch\\\/?page_id=1243#primaryimage\",\"url\":\"https:\\\/\\\/www.pro-evologia.ch\\\/wp-content\\\/uploads\\\/2026\\\/04\\\/OuvertureSaiso2026.png\",\"contentUrl\":\"https:\\\/\\\/www.pro-evologia.ch\\\/wp-content\\\/uploads\\\/2026\\\/04\\\/OuvertureSaiso2026.png\",\"width\":1121,\"height\":1586},{\"@type\":\"BreadcrumbList\",\"@id\":\"http:\\\/\\\/www.pro-evologia.ch\\\/?page_id=1243#breadcrumb\",\"itemListElement\":[{\"@type\":\"ListItem\",\"position\":1,\"name\":\"Accueil\",\"item\":\"https:\\\/\\\/www.pro-evologia.ch\\\/\"},{\"@type\":\"ListItem\",\"position\":2,\"name\":\"Prochain \u00e9v\u00e9nement\"}]},{\"@type\":\"WebSite\",\"@id\":\"https:\\\/\\\/www.pro-evologia.ch\\\/#website\",\"url\":\"https:\\\/\\\/www.pro-evologia.ch\\\/\",\"name\":\"Association des amis d&#039;Evologia\",\"description\":\"Pro Evologia est  une association \u00e0 but non lucratif qui soutient Evologia\",\"potentialAction\":[{\"@type\":\"SearchAction\",\"target\":{\"@type\":\"EntryPoint\",\"urlTemplate\":\"https:\\\/\\\/www.pro-evologia.ch\\\/?s={search_term_string}\"},\"query-input\":{\"@type\":\"PropertyValueSpecification\",\"valueRequired\":true,\"valueName\":\"search_term_string\"}}],\"inLanguage\":\"fr-FR\"}]}<\/script>\n<!-- \/ Yoast SEO plugin. -->","yoast_head_json":{"title":"Prochain \u00e9v\u00e9nement &#8226; Association des amis d&#039;Evologia","robots":{"index":"index","follow":"follow","max-snippet":"max-snippet:-1","max-image-preview":"max-image-preview:large","max-video-preview":"max-video-preview:-1"},"canonical":"http:\/\/www.pro-evologia.ch\/?page_id=1243","og_locale":"fr_FR","og_type":"article","og_title":"Prochain \u00e9v\u00e9nement &#8226; Association des amis d&#039;Evologia","og_description":"D&rsquo;autres \u00e9v\u00e9nements \u00e0 voir sur le site Le Parc Evologia","og_url":"http:\/\/www.pro-evologia.ch\/?page_id=1243","og_site_name":"Association des amis d&#039;Evologia","article_publisher":"https:\/\/www.facebook.com\/proevologia","article_modified_time":"2026-04-16T07:27:58+00:00","og_image":[{"url":"https:\/\/www.pro-evologia.ch\/wp-content\/uploads\/2026\/04\/OuvertureSaiso2026-724x1024.png","type":"","width":"","height":""}],"twitter_misc":{"Dur\u00e9e de lecture estim\u00e9e":"1 minute"},"schema":{"@context":"https:\/\/schema.org","@graph":[{"@type":"WebPage","@id":"http:\/\/www.pro-evologia.ch\/?page_id=1243","url":"http:\/\/www.pro-evologia.ch\/?page_id=1243","name":"Prochain \u00e9v\u00e9nement &#8226; Association des amis d&#039;Evologia","isPartOf":{"@id":"https:\/\/www.pro-evologia.ch\/#website"},"primaryImageOfPage":{"@id":"http:\/\/www.pro-evologia.ch\/?page_id=1243#primaryimage"},"image":{"@id":"http:\/\/www.pro-evologia.ch\/?page_id=1243#primaryimage"},"thumbnailUrl":"https:\/\/www.pro-evologia.ch\/wp-content\/uploads\/2026\/04\/OuvertureSaiso2026-724x1024.png","datePublished":"2016-04-10T07:43:26+00:00","dateModified":"2026-04-16T07:27:58+00:00","breadcrumb":{"@id":"http:\/\/www.pro-evologia.ch\/?page_id=1243#breadcrumb"},"inLanguage":"fr-FR","potentialAction":[{"@type":"ReadAction","target":["http:\/\/www.pro-evologia.ch\/?page_id=1243"]}]},{"@type":"ImageObject","inLanguage":"fr-FR","@id":"http:\/\/www.pro-evologia.ch\/?page_id=1243#primaryimage","url":"https:\/\/www.pro-evologia.ch\/wp-content\/uploads\/2026\/04\/OuvertureSaiso2026.png","contentUrl":"https:\/\/www.pro-evologia.ch\/wp-content\/uploads\/2026\/04\/OuvertureSaiso2026.png","width":1121,"height":1586},{"@type":"BreadcrumbList","@id":"http:\/\/www.pro-evologia.ch\/?page_id=1243#breadcrumb","itemListElement":[{"@type":"ListItem","position":1,"name":"Accueil","item":"https:\/\/www.pro-evologia.ch\/"},{"@type":"ListItem","position":2,"name":"Prochain \u00e9v\u00e9nement"}]},{"@type":"WebSite","@id":"https:\/\/www.pro-evologia.ch\/#website","url":"https:\/\/www.pro-evologia.ch\/","name":"Association des amis d&#039;Evologia","description":"Pro Evologia est  une association \u00e0 but non lucratif qui soutient Evologia","potentialAction":[{"@type":"SearchAction","target":{"@type":"EntryPoint","urlTemplate":"https:\/\/www.pro-evologia.ch\/?s={search_term_string}"},"query-input":{"@type":"PropertyValueSpecification","valueRequired":true,"valueName":"search_term_string"}}],"inLanguage":"fr-FR"}]}},"_links":{"self":[{"href":"https:\/\/www.pro-evologia.ch\/index.php?rest_route=\/wp\/v2\/pages\/1243","targetHints":{"allow":["GET"]}}],"collection":[{"href":"https:\/\/www.pro-evologia.ch\/index.php?rest_route=\/wp\/v2\/pages"}],"about":[{"href":"https:\/\/www.pro-evologia.ch\/index.php?rest_route=\/wp\/v2\/types\/page"}],"author":[{"embeddable":true,"href":"https:\/\/www.pro-evologia.ch\/index.php?rest_route=\/wp\/v2\/users\/1"}],"replies":[{"embeddable":true,"href":"https:\/\/www.pro-evologia.ch\/index.php?rest_route=%2Fwp%2Fv2%2Fcomments&post=1243"}],"version-history":[{"count":12,"href":"https:\/\/www.pro-evologia.ch\/index.php?rest_route=\/wp\/v2\/pages\/1243\/revisions"}],"predecessor-version":[{"id":3488,"href":"https:\/\/www.pro-evologia.ch\/index.php?rest_route=\/wp\/v2\/pages\/1243\/revisions\/3488"}],"wp:attachment":[{"href":"https:\/\/www.pro-evologia.ch\/index.php?rest_route=%2Fwp%2Fv2%2Fmedia&parent=1243"}],"curies":[{"name":"wp","href":"https:\/\/api.w.org\/{rel}","templated":true}]}}

Prochain événement

<figure class="wp-block-image size-large"><a href="https://www.pro-evologia.ch/wp-content/uploads/2026/04/OuvertureSaiso2026.png"><img loading="lazy" decoding="async" width="724" height="1024" src="https://www.pro-evologia.ch/wp-content/uploads/2026/04/OuvertureSaiso2026-724x1024.png" alt="" class="wp-image-3487" srcset="https://www.pro-evologia.ch/wp-content/uploads/2026/04/OuvertureSaiso2026-724x1024.png 724w, https://www.pro-evologia.ch/wp-content/uploads/2026/04/OuvertureSaiso2026-212x300.png 212w, https://www.pro-evologia.ch/wp-content/uploads/2026/04/OuvertureSaiso2026-768x1087.png 768w, https://www.pro-evologia.ch/wp-content/uploads/2026/04/OuvertureSaiso2026-1086x1536.png 1086w, https://www.pro-evologia.ch/wp-content/uploads/2026/04/OuvertureSaiso2026.png 1121w" sizes="auto, (max-width: 724px) 100vw, 724px" /></a></figure>



<hr class="wp-block-separator has-alpha-channel-opacity"/>



<p class="has-medium-font-size">D&rsquo;autres événements à voir sur le site <strong><a href="https://www.parc-evologia.ch/manifestations.php" target="_blank" rel="noreferrer noopener">Le Parc Evologia</a></strong></p>



<figure class="wp-block-image size-large"><a href="https://www.parc-evologia.ch/manifestations.php" target="_blank" rel="noreferrer noopener"><img decoding="async" src="https://www.pro-evologia.ch/wp-content/uploads/2019/03/logo-parc-evologia.jpg" alt=""/></a></figure>

<p>D&rsquo;autres événements à voir sur le site Le Parc Evologia</p>

<!-- This site is optimized with the Yoast SEO plugin v27.4 - https://yoast.com/product/yoast-seo-wordpress/ -->
<title>Prochain événement &#8226; Association des amis d&#039;Evologia</title>
<meta name="robots" content="index, follow, max-snippet:-1, max-image-preview:large, max-video-preview:-1" />
<link rel="canonical" href="http://www.pro-evologia.ch/?page_id=1243" />
<meta property="og:locale" content="fr_FR" />
<meta property="og:type" content="article" />
<meta property="og:title" content="Prochain événement &#8226; Association des amis d&#039;Evologia" />
<meta property="og:description" content="D&rsquo;autres événements à voir sur le site Le Parc Evologia" />
<meta property="og:url" content="http://www.pro-evologia.ch/?page_id=1243" />
<meta property="og:site_name" content="Association des amis d&#039;Evologia" />
<meta property="article:publisher" content="https://www.facebook.com/proevologia" />
<meta property="article:modified_time" content="2026-04-16T07:27:58+00:00" />
<meta property="og:image" content="https://www.pro-evologia.ch/wp-content/uploads/2026/04/OuvertureSaiso2026-724x1024.png" />
<meta name="twitter:label1" content="Durée de lecture estimée" />
	<meta name="twitter:data1" content="1 minute" />
<script type="application/ld+json" class="yoast-schema-graph">{"@context":"https:\/\/schema.org","@graph":[{"@type":"WebPage","@id":"http:\/\/www.pro-evologia.ch\/?page_id=1243","url":"http:\/\/www.pro-evologia.ch\/?page_id=1243","name":"Prochain événement &#8226; Association des amis d&#039;Evologia","isPartOf":{"@id":"https:\/\/www.pro-evologia.ch\/#website"},"primaryImageOfPage":{"@id":"http:\/\/www.pro-evologia.ch\/?page_id=1243#primaryimage"},"image":{"@id":"http:\/\/www.pro-evologia.ch\/?page_id=1243#primaryimage"},"thumbnailUrl":"https:\/\/www.pro-evologia.ch\/wp-content\/uploads\/2026\/04\/OuvertureSaiso2026-724x1024.png","datePublished":"2016-04-10T07:43:26+00:00","dateModified":"2026-04-16T07:27:58+00:00","breadcrumb":{"@id":"http:\/\/www.pro-evologia.ch\/?page_id=1243#breadcrumb"},"inLanguage":"fr-FR","potentialAction":[{"@type":"ReadAction","target":["http:\/\/www.pro-evologia.ch\/?page_id=1243"]}]},{"@type":"ImageObject","inLanguage":"fr-FR","@id":"http:\/\/www.pro-evologia.ch\/?page_id=1243#primaryimage","url":"https:\/\/www.pro-evologia.ch\/wp-content\/uploads\/2026\/04\/OuvertureSaiso2026.png","contentUrl":"https:\/\/www.pro-evologia.ch\/wp-content\/uploads\/2026\/04\/OuvertureSaiso2026.png","width":1121,"height":1586},{"@type":"BreadcrumbList","@id":"http:\/\/www.pro-evologia.ch\/?page_id=1243#breadcrumb","itemListElement":[{"@type":"ListItem","position":1,"name":"Accueil","item":"https:\/\/www.pro-evologia.ch\/"},{"@type":"ListItem","position":2,"name":"Prochain événement"}]},{"@type":"WebSite","@id":"https:\/\/www.pro-evologia.ch\/#website","url":"https:\/\/www.pro-evologia.ch\/","name":"Association des amis d&#039;Evologia","description":"Pro Evologia est  une association à but non lucratif qui soutient Evologia","potentialAction":[{"@type":"SearchAction","target":{"@type":"EntryPoint","urlTemplate":"https:\/\/www.pro-evologia.ch\/?s={search_term_string}"},"query-input":{"@type":"PropertyValueSpecification","valueRequired":true,"valueName":"search_term_string"}}],"inLanguage":"fr-FR"}]}</script>
<!-- / Yoast SEO plugin. -->

Prochain événement &#8226; Association des amis d&#039;Evologia

D&rsquo;autres événements à voir sur le site Le Parc Evologia

Pro Evologia est  une association à but non lucratif qui soutient Evologia
