{"id":832,"date":"2015-05-28T09:48:30","date_gmt":"2015-05-28T07:48:30","guid":{"rendered":"http:\/\/www.pro-evologia.ch\/?page_id=832"},"modified":"2015-08-13T09:24:43","modified_gmt":"2015-08-13T07:24:43","slug":"panneau-film","status":"publish","type":"page","link":"http:\/\/www.pro-evologia.ch\/?page_id=832","title":{"rendered":"Panneau \u00ab\u00a0Film\u00a0\u00bb"},"content":{"rendered":"<h4>Pr\u00e9sentation g\u00e9n\u00e9rale ==&gt; <strong><a href=\"https:\/\/www.pro-evologia.ch\/wp-content\/uploads\/2015\/06\/33-Panneau-film1.pdf\" target=\"_blank\">Panneau<\/a><\/strong><\/h4>\n<h4>Les <strong>objectifs<\/strong> du film sont\u00a0:<\/h4>\n<ul>\n<li>donner la parole aux initiateurs &amp; aux acteurs<\/li>\n<li>donner un visage aux paiements directs agricoles en faveur de la biodiversit\u00e9 et du paysage<\/li>\n<li>montrer qu\u2019\u00e9cologie et conservation du paysage sont conciliables avec une agriculture productive<\/li>\n<\/ul>\n<h4>\u00a0<strong>Sc\u00e8nes<\/strong>\u00a0:<\/h4>\n<h4>\n<table id=\"tablepress-8\" class=\"tablepress tablepress-id-8\">\n<thead>\n<tr class=\"row-1\">\n\t<th class=\"column-1\">Th\u00e8me<\/th><th class=\"column-2\">Intervenant<\/th>\n<\/tr>\n<\/thead>\n<tbody class=\"row-striping row-hover\">\n<tr class=\"row-2\">\n\t<td class=\"column-1\">Un partenariat agriculture-nature qui porte ses fruits ; quand biodiversit\u00e9 et paysage se rencontrent<\/td><td class=\"column-2\">Alain Lugon, biologiste, L\u2019Azur\u00e9<\/td>\n<\/tr>\n<tr class=\"row-3\">\n\t<td class=\"column-1\">\u00c9volution de la politique agricole (PA 2014-2017) qui r\u00e9tribue les prestations en faveur du paysage<\/td><td class=\"column-2\">Pierre-Ivan Guyot, Service de l'agriculture NE<\/td>\n<\/tr>\n<tr class=\"row-4\">\n\t<td class=\"column-1\">Processus participatif et analyse sensible CQP Chasseral aux Pontins<\/td><td class=\"column-2\">Jo\u00eblle Beiner, Collaboratrice au Service de l'agriculture NE<\/td>\n<\/tr>\n<tr class=\"row-5\">\n\t<td class=\"column-1\">Les agriculteurs s\u2019organisent en association pour g\u00e9rer les paiements directs pour la biodiversit\u00e9 et la qualit\u00e9 paysage<\/td><td class=\"column-2\">Teddy Monnier, agriculteur, Dombresson<\/td>\n<\/tr>\n<tr class=\"row-6\">\n\t<td class=\"column-1\">Mesure Qualit\u00e9 Paysage, nombre de cultures<\/td><td class=\"column-2\">Luc Balmer, agriculteur, La Borcarderie<\/td>\n<\/tr>\n<tr class=\"row-7\">\n\t<td class=\"column-1\">Le m\u00e9tier \u00e9volue, concilier les attentes diverses de la population avec la production sur son exploitation<\/td><td class=\"column-2\">Danielle Rouiller, agricultrice, Cernier<\/td>\n<\/tr>\n<tr class=\"row-8\">\n\t<td class=\"column-1\">Le canton soutient un projet pilote, un des premiers r\u00e9seaux de Suisse<\/td><td class=\"column-2\">Philippe Jacot-Descombes. Service de la faune, des for\u00eats et de la nature NE<\/td>\n<\/tr>\n<tr class=\"row-9\">\n\t<td class=\"column-1\">Un papillon \u00e0 l\u2019origine de l\u2019Ecor\u00e9seau Val-de-Ruz<\/td><td class=\"column-2\">Yves Gonseth,  Centre Suisse de Cartographie de la Faune, Neuch\u00e2tel<\/td>\n<\/tr>\n<tr class=\"row-10\">\n\t<td class=\"column-1\">Mise en place volontaire des mesures, conseil adapt\u00e9 \u00e0 chaque exploitation<\/td><td class=\"column-2\">Pascal Olivier, Chambre neuch\u00e2teloise d'agriculture et de viticulture NE<\/td>\n<\/tr>\n<tr class=\"row-11\">\n\t<td class=\"column-1\">Les moyens pour \u00e9tendre la biodiversit\u00e9 \u00e0 tout le territoire, mais il faut rester vigilant<\/td><td class=\"column-2\">Yvan Mathhey, Pro Natura NE<\/td>\n<\/tr>\n<\/tbody>\n<\/table>\n<!-- #tablepress-8 from cache --><\/h4>\n<hr \/>\n\n<table id=\"tablepress-7\" class=\"tablepress tablepress-id-7\">\n<tbody>\n<tr class=\"row-1\">\n\t<td class=\"column-1\"><a href=\"http:\/\/www.pro-evologia.ch\/wp-content\/uploads\/2015\/05\/Logo-ne.png\"><img loading=\"lazy\" decoding=\"async\" src=\"http:\/\/www.pro-evologia.ch\/wp-content\/uploads\/2015\/05\/Logo-ne.png\" alt=\"Logo-ne\" width=\"100\" height=\"32\" class=\"alignnone size-full wp-image-653\" \/><\/a><br \/>\n<small><span style=\"font-weight: bold;\"><strong>Service de l\u2019Agriculture<br \/>\nService de la faune, des for\u00eats et de la nature<\/span><\/small><br><br \/>\n<a href=\"http:\/\/www.pro-evologia.ch\/wp-content\/uploads\/2015\/06\/Logo-LORO.jpg\"><img loading=\"lazy\" decoding=\"async\" src=\"http:\/\/www.pro-evologia.ch\/wp-content\/uploads\/2015\/06\/Logo-LORO-300x105.jpg\" alt=\"LoRo-Beneficiaire\" width=\"200\" height=\"70\" class=\"alignnone size-medium wp-image-916\" srcset=\"http:\/\/www.pro-evologia.ch\/wp-content\/uploads\/2015\/06\/Logo-LORO-300x105.jpg 300w, http:\/\/www.pro-evologia.ch\/wp-content\/uploads\/2015\/06\/Logo-LORO.jpg 780w\" sizes=\"auto, (max-width: 200px) 100vw, 200px\" \/><\/a><\/td><td class=\"column-2\"><a href=\"http:\/\/www.pro-evologia.ch\/wp-content\/uploads\/2015\/05\/Logo-CNAV.jpg\"><img loading=\"lazy\" decoding=\"async\" src=\"http:\/\/www.pro-evologia.ch\/wp-content\/uploads\/2015\/05\/Logo-CNAV.jpg\" alt=\"Logo-CNAV\" width=\"100\" height=\"45\" class=\"alignnone size-full wp-image-657\" \/><\/a><strong><br><small><span style=\"font-weight: bold;\">Chambre neuch\u00e2teloise d'agriculture et de viticulture<\/span><\/small><\/strong><br><br \/>\n<a href=\"http:\/\/www.pro-evologia.ch\/wp-content\/uploads\/2015\/06\/Val-impressions.jpg\"><img loading=\"lazy\" decoding=\"async\" src=\"http:\/\/www.pro-evologia.ch\/wp-content\/uploads\/2015\/06\/Val-impressions-300x61.jpg\" alt=\"Val-impressions\" width=\"200\" height=\"41\" class=\"alignnone size-medium wp-image-950\" srcset=\"http:\/\/www.pro-evologia.ch\/wp-content\/uploads\/2015\/06\/Val-impressions-300x61.jpg 300w, http:\/\/www.pro-evologia.ch\/wp-content\/uploads\/2015\/06\/Val-impressions-1024x208.jpg 1024w, http:\/\/www.pro-evologia.ch\/wp-content\/uploads\/2015\/06\/Val-impressions.jpg 1393w\" sizes=\"auto, (max-width: 200px) 100vw, 200px\" \/><\/a><\/td><td class=\"column-3\"><a href=\"http:\/\/www.pro-evologia.ch\/wp-content\/uploads\/2015\/05\/Logo-ecoforum.jpg\"><img loading=\"lazy\" decoding=\"async\" src=\"http:\/\/www.pro-evologia.ch\/wp-content\/uploads\/2015\/05\/Logo-ecoforum-300x132.jpg\" alt=\"Logo-ecoforum\" width=\"100\" height=\"44\" class=\"alignnone size-medium wp-image-655\" srcset=\"http:\/\/www.pro-evologia.ch\/wp-content\/uploads\/2015\/05\/Logo-ecoforum-300x132.jpg 300w, http:\/\/www.pro-evologia.ch\/wp-content\/uploads\/2015\/05\/Logo-ecoforum.jpg 926w\" sizes=\"auto, (max-width: 100px) 100vw, 100px\" \/><\/a><br><br><a href=\"http:\/\/www.pro-evologia.ch\/wp-content\/uploads\/2015\/05\/Logo-wwf.jpg\"><img loading=\"lazy\" decoding=\"async\" src=\"http:\/\/www.pro-evologia.ch\/wp-content\/uploads\/2015\/05\/Logo-wwf.jpg\" alt=\"Logo-wwf\" width=\"50\" height=\"75\" class=\"alignnone size-full wp-image-658\" \/><\/a><\/td><td class=\"column-4\"><a href=\"http:\/\/www.pro-evologia.ch\/wp-content\/uploads\/2015\/05\/Logo-Azure.jpg\"><img loading=\"lazy\" decoding=\"async\" src=\"http:\/\/www.pro-evologia.ch\/wp-content\/uploads\/2015\/05\/Logo-Azure-300x76.jpg\" alt=\"Logo-Azure\" width=\"130\" height=\"32\" class=\"alignnone size-medium wp-image-656\" srcset=\"http:\/\/www.pro-evologia.ch\/wp-content\/uploads\/2015\/05\/Logo-Azure-300x76.jpg 300w, http:\/\/www.pro-evologia.ch\/wp-content\/uploads\/2015\/05\/Logo-Azure-1024x260.jpg 1024w, http:\/\/www.pro-evologia.ch\/wp-content\/uploads\/2015\/05\/Logo-Azure.jpg 1235w\" sizes=\"auto, (max-width: 130px) 100vw, 130px\" \/><\/a><br \/>\n<br><a href=\"http:\/\/www.pro-evologia.ch\/wp-content\/uploads\/2015\/05\/Logo-vdr.png\"><img loading=\"lazy\" decoding=\"async\" src=\"http:\/\/www.pro-evologia.ch\/wp-content\/uploads\/2015\/05\/Logo-vdr-261x300.png\" alt=\"Logo-vdr\" width=\"60\" height=\"67\" class=\"alignnone size-medium wp-image-659\" \/><\/a><br><small><span style=\"font-weight: bold;\"><strong>Commune de<p> Val-de-Ruz<\/span ><\/small><\/td><td class=\"column-5\"><a href=\"http:\/\/www.pro-evologia.ch\/wp-content\/uploads\/2015\/05\/Logo-pronatura.gif\"><img loading=\"lazy\" decoding=\"async\" src=\"http:\/\/www.pro-evologia.ch\/wp-content\/uploads\/2015\/05\/Logo-pronatura.gif\" alt=\"Logo-pronatura\" width=\"100\" height=\"50\" class=\"alignnone size-full wp-image-654\" \/><\/a><br><br><a href=\"http:\/\/www.pro-evologia.ch\/wp-content\/uploads\/2015\/05\/Logo-EVR.jpg\"><img loading=\"lazy\" decoding=\"async\" src=\"http:\/\/www.pro-evologia.ch\/wp-content\/uploads\/2015\/05\/Logo-EVR-300x188.jpg\" alt=\"Logo-EVR\" width=\"100\" height=\"62\" class=\"alignnone size-medium wp-image-660\" srcset=\"http:\/\/www.pro-evologia.ch\/wp-content\/uploads\/2015\/05\/Logo-EVR-300x188.jpg 300w, http:\/\/www.pro-evologia.ch\/wp-content\/uploads\/2015\/05\/Logo-EVR-1024x642.jpg 1024w, http:\/\/www.pro-evologia.ch\/wp-content\/uploads\/2015\/05\/Logo-EVR.jpg 1465w\" sizes=\"auto, (max-width: 100px) 100vw, 100px\" \/><\/a><br \/>\n<br \/>\n<\/td><td class=\"column-6\"><a href=\"http:\/\/www.pro-evologia.ch\/wp-content\/uploads\/2015\/05\/Logo-parc-chasseral.png\"><img loading=\"lazy\" decoding=\"async\" src=\"http:\/\/www.pro-evologia.ch\/wp-content\/uploads\/2015\/05\/Logo-parc-chasseral.png\" alt=\"Logo-parc-chasseral\" width=\"100\" height=\"56\" class=\"alignnone size-full wp-image-652\" \/><\/a><br \/>\n<small><span style=\"font-weight: bold;\"><strong>Parc Chasseral<\/strong><\/span><\/small><\/td>\n<\/tr>\n<\/tbody>\n<\/table>\n<!-- #tablepress-7 from cache -->\n","protected":false},"excerpt":{"rendered":"<p>Pr\u00e9sentation g\u00e9n\u00e9rale ==&gt; Panneau Les objectifs du film sont\u00a0: donner la parole aux initiateurs &amp; aux acteurs donner un visage aux paiements directs agricoles en faveur de la biodiversit\u00e9 et du paysage montrer qu\u2019\u00e9cologie et conservation du paysage sont conciliables avec une agriculture productive \u00a0Sc\u00e8nes\u00a0:<\/p>\n","protected":false},"author":1,"featured_media":0,"parent":810,"menu_order":7,"comment_status":"closed","ping_status":"closed","template":"","meta":{"ngg_post_thumbnail":0,"generate_page_header":"","footnotes":""},"class_list":["post-832","page","type-page","status-publish"],"yoast_head":"<!-- This site is optimized with the Yoast SEO plugin v27.5 - https:\/\/yoast.com\/product\/yoast-seo-wordpress\/ -->\n<title>Panneau &quot;Film&quot; &#8226; Association des amis d&#039;Evologia<\/title>\n<meta name=\"robots\" content=\"index, follow, max-snippet:-1, max-image-preview:large, max-video-preview:-1\" \/>\n<link rel=\"canonical\" href=\"https:\/\/www.pro-evologia.ch\/?page_id=832\" \/>\n<meta property=\"og:locale\" content=\"fr_FR\" \/>\n<meta property=\"og:type\" content=\"article\" \/>\n<meta property=\"og:title\" content=\"Panneau &quot;Film&quot; &#8226; Association des amis d&#039;Evologia\" \/>\n<meta property=\"og:description\" content=\"Pr\u00e9sentation g\u00e9n\u00e9rale ==&gt; Panneau Les objectifs du film sont\u00a0: donner la parole aux initiateurs &amp; aux acteurs donner un visage aux paiements directs agricoles en faveur de la biodiversit\u00e9 et du paysage montrer qu\u2019\u00e9cologie et conservation du paysage sont conciliables avec une agriculture productive \u00a0Sc\u00e8nes\u00a0:\" \/>\n<meta property=\"og:url\" content=\"https:\/\/www.pro-evologia.ch\/?page_id=832\" \/>\n<meta property=\"og:site_name\" content=\"Association des amis d&#039;Evologia\" \/>\n<meta property=\"article:publisher\" content=\"https:\/\/www.facebook.com\/proevologia\" \/>\n<meta property=\"article:modified_time\" content=\"2015-08-13T07:24:43+00:00\" \/>\n<meta property=\"og:image\" content=\"http:\/\/www.pro-evologia.ch\/wp-content\/uploads\/2015\/01\/Entete.jpg\" \/>\n\t<meta property=\"og:image:width\" content=\"640\" \/>\n\t<meta property=\"og:image:height\" content=\"167\" \/>\n\t<meta property=\"og:image:type\" content=\"image\/jpeg\" \/>\n<script type=\"application\/ld+json\" class=\"yoast-schema-graph\">{\"@context\":\"https:\\\/\\\/schema.org\",\"@graph\":[{\"@type\":\"WebPage\",\"@id\":\"https:\\\/\\\/www.pro-evologia.ch\\\/?page_id=832\",\"url\":\"https:\\\/\\\/www.pro-evologia.ch\\\/?page_id=832\",\"name\":\"Panneau \\\"Film\\\" &#8226; Association des amis d&#039;Evologia\",\"isPartOf\":{\"@id\":\"https:\\\/\\\/www.pro-evologia.ch\\\/#website\"},\"datePublished\":\"2015-05-28T07:48:30+00:00\",\"dateModified\":\"2015-08-13T07:24:43+00:00\",\"breadcrumb\":{\"@id\":\"https:\\\/\\\/www.pro-evologia.ch\\\/?page_id=832#breadcrumb\"},\"inLanguage\":\"fr-FR\",\"potentialAction\":[{\"@type\":\"ReadAction\",\"target\":[\"https:\\\/\\\/www.pro-evologia.ch\\\/?page_id=832\"]}]},{\"@type\":\"BreadcrumbList\",\"@id\":\"https:\\\/\\\/www.pro-evologia.ch\\\/?page_id=832#breadcrumb\",\"itemListElement\":[{\"@type\":\"ListItem\",\"position\":1,\"name\":\"Accueil\",\"item\":\"https:\\\/\\\/www.pro-evologia.ch\\\/\"},{\"@type\":\"ListItem\",\"position\":2,\"name\":\"L&rsquo;Association\",\"item\":\"http:\\\/\\\/www.pro-evologia.ch\\\/?page_id=33\"},{\"@type\":\"ListItem\",\"position\":3,\"name\":\"Archives 2015\",\"item\":\"http:\\\/\\\/www.pro-evologia.ch\\\/?page_id=1147\"},{\"@type\":\"ListItem\",\"position\":4,\"name\":\"Exposition 2015 \u00ab\u00a0Eco-r\u00e9seaux &#038; Paysages au Val-de-Ruz\u00a0\u00bb\",\"item\":\"http:\\\/\\\/www.pro-evologia.ch\\\/?page_id=60\"},{\"@type\":\"ListItem\",\"position\":5,\"name\":\"Panneaux de l&rsquo;exposition\",\"item\":\"http:\\\/\\\/www.pro-evologia.ch\\\/?page_id=810\"},{\"@type\":\"ListItem\",\"position\":6,\"name\":\"Panneau \u00ab\u00a0Film\u00a0\u00bb\"}]},{\"@type\":\"WebSite\",\"@id\":\"https:\\\/\\\/www.pro-evologia.ch\\\/#website\",\"url\":\"https:\\\/\\\/www.pro-evologia.ch\\\/\",\"name\":\"Association des amis d&#039;Evologia\",\"description\":\"Pro Evologia est  une association \u00e0 but non lucratif qui soutient Evologia\",\"potentialAction\":[{\"@type\":\"SearchAction\",\"target\":{\"@type\":\"EntryPoint\",\"urlTemplate\":\"https:\\\/\\\/www.pro-evologia.ch\\\/?s={search_term_string}\"},\"query-input\":{\"@type\":\"PropertyValueSpecification\",\"valueRequired\":true,\"valueName\":\"search_term_string\"}}],\"inLanguage\":\"fr-FR\"}]}<\/script>\n<!-- \/ Yoast SEO plugin. -->","yoast_head_json":{"title":"Panneau \"Film\" &#8226; Association des amis d&#039;Evologia","robots":{"index":"index","follow":"follow","max-snippet":"max-snippet:-1","max-image-preview":"max-image-preview:large","max-video-preview":"max-video-preview:-1"},"canonical":"https:\/\/www.pro-evologia.ch\/?page_id=832","og_locale":"fr_FR","og_type":"article","og_title":"Panneau \"Film\" &#8226; Association des amis d&#039;Evologia","og_description":"Pr\u00e9sentation g\u00e9n\u00e9rale ==&gt; Panneau Les objectifs du film sont\u00a0: donner la parole aux initiateurs &amp; aux acteurs donner un visage aux paiements directs agricoles en faveur de la biodiversit\u00e9 et du paysage montrer qu\u2019\u00e9cologie et conservation du paysage sont conciliables avec une agriculture productive \u00a0Sc\u00e8nes\u00a0:","og_url":"https:\/\/www.pro-evologia.ch\/?page_id=832","og_site_name":"Association des amis d&#039;Evologia","article_publisher":"https:\/\/www.facebook.com\/proevologia","article_modified_time":"2015-08-13T07:24:43+00:00","og_image":[{"width":640,"height":167,"url":"http:\/\/www.pro-evologia.ch\/wp-content\/uploads\/2015\/01\/Entete.jpg","type":"image\/jpeg"}],"schema":{"@context":"https:\/\/schema.org","@graph":[{"@type":"WebPage","@id":"https:\/\/www.pro-evologia.ch\/?page_id=832","url":"https:\/\/www.pro-evologia.ch\/?page_id=832","name":"Panneau \"Film\" &#8226; Association des amis d&#039;Evologia","isPartOf":{"@id":"https:\/\/www.pro-evologia.ch\/#website"},"datePublished":"2015-05-28T07:48:30+00:00","dateModified":"2015-08-13T07:24:43+00:00","breadcrumb":{"@id":"https:\/\/www.pro-evologia.ch\/?page_id=832#breadcrumb"},"inLanguage":"fr-FR","potentialAction":[{"@type":"ReadAction","target":["https:\/\/www.pro-evologia.ch\/?page_id=832"]}]},{"@type":"BreadcrumbList","@id":"https:\/\/www.pro-evologia.ch\/?page_id=832#breadcrumb","itemListElement":[{"@type":"ListItem","position":1,"name":"Accueil","item":"https:\/\/www.pro-evologia.ch\/"},{"@type":"ListItem","position":2,"name":"L&rsquo;Association","item":"http:\/\/www.pro-evologia.ch\/?page_id=33"},{"@type":"ListItem","position":3,"name":"Archives 2015","item":"http:\/\/www.pro-evologia.ch\/?page_id=1147"},{"@type":"ListItem","position":4,"name":"Exposition 2015 \u00ab\u00a0Eco-r\u00e9seaux &#038; Paysages au Val-de-Ruz\u00a0\u00bb","item":"http:\/\/www.pro-evologia.ch\/?page_id=60"},{"@type":"ListItem","position":5,"name":"Panneaux de l&rsquo;exposition","item":"http:\/\/www.pro-evologia.ch\/?page_id=810"},{"@type":"ListItem","position":6,"name":"Panneau \u00ab\u00a0Film\u00a0\u00bb"}]},{"@type":"WebSite","@id":"https:\/\/www.pro-evologia.ch\/#website","url":"https:\/\/www.pro-evologia.ch\/","name":"Association des amis d&#039;Evologia","description":"Pro Evologia est  une association \u00e0 but non lucratif qui soutient Evologia","potentialAction":[{"@type":"SearchAction","target":{"@type":"EntryPoint","urlTemplate":"https:\/\/www.pro-evologia.ch\/?s={search_term_string}"},"query-input":{"@type":"PropertyValueSpecification","valueRequired":true,"valueName":"search_term_string"}}],"inLanguage":"fr-FR"}]}},"_links":{"self":[{"href":"http:\/\/www.pro-evologia.ch\/index.php?rest_route=\/wp\/v2\/pages\/832","targetHints":{"allow":["GET"]}}],"collection":[{"href":"http:\/\/www.pro-evologia.ch\/index.php?rest_route=\/wp\/v2\/pages"}],"about":[{"href":"http:\/\/www.pro-evologia.ch\/index.php?rest_route=\/wp\/v2\/types\/page"}],"author":[{"embeddable":true,"href":"http:\/\/www.pro-evologia.ch\/index.php?rest_route=\/wp\/v2\/users\/1"}],"replies":[{"embeddable":true,"href":"http:\/\/www.pro-evologia.ch\/index.php?rest_route=%2Fwp%2Fv2%2Fcomments&post=832"}],"version-history":[{"count":0,"href":"http:\/\/www.pro-evologia.ch\/index.php?rest_route=\/wp\/v2\/pages\/832\/revisions"}],"up":[{"embeddable":true,"href":"http:\/\/www.pro-evologia.ch\/index.php?rest_route=\/wp\/v2\/pages\/810"}],"wp:attachment":[{"href":"http:\/\/www.pro-evologia.ch\/index.php?rest_route=%2Fwp%2Fv2%2Fmedia&parent=832"}],"curies":[{"name":"wp","href":"https:\/\/api.w.org\/{rel}","templated":true}]}}